Last updated on 2022-08-15 08:49:57 CEST.
Flavor | Version | Tinstall | Tcheck | Ttotal | Status | Flags |
---|---|---|---|---|---|---|
r-devel-linux-x86_64-debian-clang | 0.3.0 | 7.18 | 72.05 | 79.23 | NOTE | |
r-devel-linux-x86_64-debian-gcc | 0.3.0 | 5.36 | 55.13 | 60.49 | NOTE | |
r-devel-linux-x86_64-fedora-clang | 0.3.0 | 108.02 | NOTE | |||
r-devel-linux-x86_64-fedora-gcc | 0.3.0 | 98.28 | NOTE | |||
r-devel-windows-x86_64 | 0.3.0 | 607.00 | 146.00 | 753.00 | NOTE | |
r-patched-linux-x86_64 | 0.3.0 | 11.06 | 66.49 | 77.55 | NOTE | |
r-release-linux-x86_64 | 0.3.0 | 7.46 | 65.86 | 73.32 | NOTE | |
r-release-macos-arm64 | 0.3.0 | 37.00 | NOTE | |||
r-release-macos-x86_64 | 0.3.0 | 54.00 | NOTE | |||
r-release-windows-x86_64 | 0.3.0 | 294.00 | 132.00 | 426.00 | NOTE | |
r-oldrel-macos-arm64 | 0.3.0 | 70.00 | NOTE | |||
r-oldrel-macos-x86_64 | 0.3.0 | 72.00 | NOTE | |||
r-oldrel-windows-ix86+x86_64 | 0.3.0 | 19.00 | 103.00 | 122.00 | NOTE |
Version: 0.3.0
Check: LazyData
Result: NOTE
'LazyData' is specified without a 'data' directory
Flavors: r-devel-linux-x86_64-debian-clang, r-devel-linux-x86_64-debian-gcc, r-devel-linux-x86_64-fedora-clang, r-devel-linux-x86_64-fedora-gcc, r-devel-windows-x86_64, r-patched-linux-x86_64, r-release-linux-x86_64, r-release-macos-arm64, r-release-macos-x86_64, r-release-windows-x86_64, r-oldrel-macos-arm64, r-oldrel-macos-x86_64, r-oldrel-windows-ix86+x86_64