Last updated on 2022-08-15 08:49:57 CEST.
Flavor | Version | Tinstall | Tcheck | Ttotal | Status | Flags |
---|---|---|---|---|---|---|
r-devel-linux-x86_64-debian-clang | 0.0.3 | 2.12 | 23.33 | 25.45 | NOTE | |
r-devel-linux-x86_64-debian-gcc | 0.0.3 | 2.20 | 18.05 | 20.25 | NOTE | |
r-devel-linux-x86_64-fedora-clang | 0.0.3 | 42.15 | NOTE | |||
r-devel-linux-x86_64-fedora-gcc | 0.0.3 | 40.44 | NOTE | |||
r-devel-windows-x86_64 | 0.0.3 | 21.00 | 48.00 | 69.00 | NOTE | |
r-patched-linux-x86_64 | 0.0.3 | 2.91 | 21.86 | 24.77 | NOTE | |
r-release-linux-x86_64 | 0.0.3 | 2.65 | 22.05 | 24.70 | NOTE | |
r-release-macos-arm64 | 0.0.3 | 16.00 | NOTE | |||
r-release-macos-x86_64 | 0.0.3 | 21.00 | NOTE | |||
r-release-windows-x86_64 | 0.0.3 | 15.00 | 47.00 | 62.00 | NOTE | |
r-oldrel-macos-arm64 | 0.0.3 | 21.00 | NOTE | |||
r-oldrel-macos-x86_64 | 0.0.3 | 26.00 | NOTE | |||
r-oldrel-windows-ix86+x86_64 | 0.0.3 | 8.00 | 41.00 | 49.00 | NOTE |
Version: 0.0.3
Check: LazyData
Result: NOTE
'LazyData' is specified without a 'data' directory
Flavors: r-devel-linux-x86_64-debian-clang, r-devel-linux-x86_64-debian-gcc, r-devel-linux-x86_64-fedora-clang, r-devel-linux-x86_64-fedora-gcc, r-devel-windows-x86_64, r-patched-linux-x86_64, r-release-linux-x86_64, r-release-macos-arm64, r-release-macos-x86_64, r-release-windows-x86_64, r-oldrel-macos-arm64, r-oldrel-macos-x86_64, r-oldrel-windows-ix86+x86_64