Last updated on 2022-08-15 08:49:57 CEST.
Flavor | Version | Tinstall | Tcheck | Ttotal | Status | Flags |
---|---|---|---|---|---|---|
r-devel-linux-x86_64-debian-clang | 0.3.5 | 5.10 | 51.38 | 56.48 | OK | |
r-devel-linux-x86_64-debian-gcc | 0.3.5 | 3.36 | 38.68 | 42.04 | OK | |
r-devel-linux-x86_64-fedora-clang | 0.3.5 | 78.35 | NOTE | |||
r-devel-linux-x86_64-fedora-gcc | 0.3.5 | 74.64 | NOTE | |||
r-devel-windows-x86_64 | 0.3.5 | 30.00 | 88.00 | 118.00 | OK | |
r-patched-linux-x86_64 | 0.3.5 | 4.68 | 49.26 | 53.94 | OK | |
r-release-linux-x86_64 | 0.3.5 | 5.56 | 49.09 | 54.65 | OK | |
r-release-macos-arm64 | 0.3.5 | 26.00 | NOTE | |||
r-release-macos-x86_64 | 0.3.5 | 45.00 | NOTE | |||
r-release-windows-x86_64 | 0.3.5 | 32.00 | 90.00 | 122.00 | OK | |
r-oldrel-macos-arm64 | 0.3.5 | 27.00 | NOTE | |||
r-oldrel-macos-x86_64 | 0.3.5 | 41.00 | NOTE | |||
r-oldrel-windows-ix86+x86_64 | 0.3.5 | 11.00 | 71.00 | 82.00 | OK |
Version: 0.3.5
Check: dependencies in R code
Result: NOTE
Namespaces in Imports field not imported from:
‘dplyr’ ‘utils’
All declared Imports should be used.
Flavors: r-devel-linux-x86_64-fedora-clang, r-devel-linux-x86_64-fedora-gcc, r-release-macos-arm64, r-release-macos-x86_64, r-oldrel-macos-arm64, r-oldrel-macos-x86_64