Last updated on 2022-08-15 08:49:57 CEST.
Flavor | Version | Tinstall | Tcheck | Ttotal | Status | Flags |
---|---|---|---|---|---|---|
r-devel-linux-x86_64-debian-clang | 0.7-4 | 10.72 | 91.42 | 102.14 | OK | |
r-devel-linux-x86_64-debian-gcc | 0.7-4 | 9.08 | 70.41 | 79.49 | OK | |
r-devel-linux-x86_64-fedora-clang | 0.7-4 | 137.15 | NOTE | |||
r-devel-linux-x86_64-fedora-gcc | 0.7-4 | 133.35 | NOTE | |||
r-devel-windows-x86_64 | 0.7-4 | 21.00 | 145.00 | 166.00 | OK | |
r-patched-linux-x86_64 | 0.7-4 | 9.84 | 87.11 | 96.95 | OK | |
r-release-linux-x86_64 | 0.7-4 | 9.11 | 88.29 | 97.40 | OK | |
r-release-macos-arm64 | 0.7-4 | 45.00 | OK | |||
r-release-macos-x86_64 | 0.7-4 | 74.00 | OK | |||
r-release-windows-x86_64 | 0.7-4 | 21.00 | 147.00 | 168.00 | OK | |
r-oldrel-macos-arm64 | 0.7-4 | 70.00 | OK | |||
r-oldrel-macos-x86_64 | 0.7-4 | 84.00 | OK | |||
r-oldrel-windows-ix86+x86_64 | 0.7-4 | 25.00 | 141.00 | 166.00 | OK |
Version: 0.7-4
Check: compiled code
Result: NOTE
File ‘gplm/libs/gplm.so’:
Found no calls to: ‘R_registerRoutines’, ‘R_useDynamicSymbols’
It is good practice to register native routines and to disable symbol
search.
See ‘Writing portable packages’ in the ‘Writing R Extensions’ manual.
Flavors: r-devel-linux-x86_64-fedora-clang, r-devel-linux-x86_64-fedora-gcc