Last updated on 2022-08-15 08:49:57 CEST.
Flavor | Version | Tinstall | Tcheck | Ttotal | Status | Flags |
---|---|---|---|---|---|---|
r-devel-linux-x86_64-debian-clang | 3.1.3 | 6.86 | 84.58 | 91.44 | NOTE | |
r-devel-linux-x86_64-debian-gcc | 3.1.3 | 5.56 | 62.99 | 68.55 | NOTE | |
r-devel-linux-x86_64-fedora-clang | 3.1.3 | 121.55 | NOTE | |||
r-devel-linux-x86_64-fedora-gcc | 3.1.3 | 116.55 | NOTE | |||
r-devel-windows-x86_64 | 3.1.3 | 30.00 | 115.00 | 145.00 | NOTE | |
r-patched-linux-x86_64 | 3.1.3 | 6.48 | 79.00 | 85.48 | OK | |
r-release-linux-x86_64 | 3.1.3 | 7.80 | 80.77 | 88.57 | OK | |
r-release-macos-arm64 | 3.1.3 | 31.00 | OK | |||
r-release-macos-x86_64 | 3.1.3 | 48.00 | OK | |||
r-release-windows-x86_64 | 3.1.3 | 27.00 | 116.00 | 143.00 | OK | |
r-oldrel-macos-arm64 | 3.1.3 | 34.00 | OK | |||
r-oldrel-macos-x86_64 | 3.1.3 | 52.00 | OK | |||
r-oldrel-windows-ix86+x86_64 | 3.1.3 | 14.00 | 103.00 | 117.00 | OK |
Version: 3.1.3
Check: Rd files
Result: NOTE
checkRd: (-1) barplot2.Rd:219: Escaped LaTeX specials: \_
checkRd: (-1) colorpanel.Rd:31: Escaped LaTeX specials: \#
checkRd: (-1) qqnorm.aov.Rd:33: Escaped LaTeX specials: \&
checkRd: (-1) venn.Rd:59: Escaped LaTeX specials: \_
Flavors: r-devel-linux-x86_64-debian-clang, r-devel-linux-x86_64-debian-gcc, r-devel-linux-x86_64-fedora-clang, r-devel-linux-x86_64-fedora-gcc, r-devel-windows-x86_64