Last updated on 2022-08-15 08:49:57 CEST.
Flavor | Version | Tinstall | Tcheck | Ttotal | Status | Flags |
---|---|---|---|---|---|---|
r-devel-linux-x86_64-debian-clang | 0.2.0 | 3.11 | 31.49 | 34.60 | NOTE | |
r-devel-linux-x86_64-debian-gcc | 0.2.0 | 1.89 | 24.73 | 26.62 | NOTE | |
r-devel-linux-x86_64-fedora-clang | 0.2.0 | 53.15 | NOTE | |||
r-devel-linux-x86_64-fedora-gcc | 0.2.0 | 51.55 | NOTE | |||
r-devel-windows-x86_64 | 0.2.0 | 10.00 | 55.00 | 65.00 | NOTE | |
r-patched-linux-x86_64 | 0.2.0 | 3.02 | 30.64 | 33.66 | NOTE | |
r-release-linux-x86_64 | 0.2.0 | 2.83 | 31.37 | 34.20 | NOTE | |
r-release-macos-arm64 | 0.2.0 | 18.00 | NOTE | |||
r-release-macos-x86_64 | 0.2.0 | 37.00 | NOTE | |||
r-release-windows-x86_64 | 0.2.0 | 10.00 | 56.00 | 66.00 | NOTE | |
r-oldrel-macos-arm64 | 0.2.0 | 24.00 | NOTE | |||
r-oldrel-macos-x86_64 | 0.2.0 | 31.00 | NOTE | |||
r-oldrel-windows-ix86+x86_64 | 0.2.0 | 8.00 | 47.00 | 55.00 | NOTE |
Version: 0.2.0
Check: LazyData
Result: NOTE
'LazyData' is specified without a 'data' directory
Flavors: r-devel-linux-x86_64-debian-clang, r-devel-linux-x86_64-debian-gcc, r-devel-linux-x86_64-fedora-clang, r-devel-linux-x86_64-fedora-gcc, r-devel-windows-x86_64, r-patched-linux-x86_64, r-release-linux-x86_64, r-release-macos-arm64, r-release-macos-x86_64, r-release-windows-x86_64, r-oldrel-macos-arm64, r-oldrel-macos-x86_64, r-oldrel-windows-ix86+x86_64