Last updated on 2022-08-15 08:49:57 CEST.
Flavor | Version | Tinstall | Tcheck | Ttotal | Status | Flags |
---|---|---|---|---|---|---|
r-devel-linux-x86_64-debian-clang | 0.1.0 | 5.18 | 207.43 | 212.61 | NOTE | |
r-devel-linux-x86_64-debian-gcc | 0.1.0 | 2.60 | 147.36 | 149.96 | NOTE | |
r-devel-linux-x86_64-fedora-clang | 0.1.0 | 246.07 | NOTE | |||
r-devel-linux-x86_64-fedora-gcc | 0.1.0 | 253.38 | NOTE | |||
r-devel-windows-x86_64 | 0.1.0 | 100.00 | 219.00 | 319.00 | NOTE | |
r-patched-linux-x86_64 | 0.1.0 | 5.36 | 196.74 | 202.10 | NOTE | |
r-release-linux-x86_64 | 0.1.0 | 3.42 | 193.49 | 196.91 | NOTE | |
r-release-macos-arm64 | 0.1.0 | 55.00 | NOTE | |||
r-release-macos-x86_64 | 0.1.0 | 84.00 | NOTE | |||
r-release-windows-x86_64 | 0.1.0 | 78.00 | 222.00 | 300.00 | NOTE | |
r-oldrel-macos-arm64 | 0.1.0 | 66.00 | NOTE | |||
r-oldrel-macos-x86_64 | 0.1.0 | 122.00 | NOTE | |||
r-oldrel-windows-ix86+x86_64 | 0.1.0 | 11.00 | 234.00 | 245.00 | NOTE |
Version: 0.1.0
Check: LazyData
Result: NOTE
'LazyData' is specified without a 'data' directory
Flavors: r-devel-linux-x86_64-debian-clang, r-devel-linux-x86_64-debian-gcc, r-devel-linux-x86_64-fedora-clang, r-devel-linux-x86_64-fedora-gcc, r-devel-windows-x86_64, r-patched-linux-x86_64, r-release-linux-x86_64, r-release-macos-arm64, r-release-macos-x86_64, r-release-windows-x86_64, r-oldrel-macos-arm64, r-oldrel-macos-x86_64, r-oldrel-windows-ix86+x86_64