Last updated on 2022-08-15 08:49:57 CEST.
Flavor | Version | Tinstall | Tcheck | Ttotal | Status | Flags |
---|---|---|---|---|---|---|
r-devel-linux-x86_64-debian-clang | 0.1.6 | 26.84 | 297.06 | 323.90 | OK | |
r-devel-linux-x86_64-debian-gcc | 0.1.6 | 23.69 | 220.15 | 243.84 | OK | |
r-devel-linux-x86_64-fedora-clang | 0.1.6 | 399.48 | NOTE | |||
r-devel-linux-x86_64-fedora-gcc | 0.1.6 | 392.16 | NOTE | |||
r-devel-windows-x86_64 | 0.1.6 | 31.00 | 295.00 | 326.00 | OK | |
r-patched-linux-x86_64 | 0.1.6 | 23.64 | 290.99 | 314.63 | OK | |
r-release-linux-x86_64 | 0.1.6 | 28.66 | 288.32 | 316.98 | OK | |
r-release-macos-arm64 | 0.1.6 | 86.00 | NOTE | |||
r-release-macos-x86_64 | 0.1.6 | 199.00 | NOTE | |||
r-release-windows-x86_64 | 0.1.6 | 32.00 | 295.00 | 327.00 | OK | |
r-oldrel-macos-arm64 | 0.1.6 | 53.00 | NOTE | |||
r-oldrel-macos-x86_64 | 0.1.6 | 90.00 | NOTE | |||
r-oldrel-windows-ix86+x86_64 | 0.1.6 | 60.00 | 305.00 | 365.00 | OK |
Version: 0.1.6
Check: dependencies in R code
Result: NOTE
Namespaces in Imports field not imported from:
‘methods’ ‘quadmesh’
All declared Imports should be used.
Flavors: r-devel-linux-x86_64-fedora-clang, r-devel-linux-x86_64-fedora-gcc, r-release-macos-arm64, r-release-macos-x86_64, r-oldrel-macos-arm64, r-oldrel-macos-x86_64