Last updated on 2022-08-15 08:49:57 CEST.
Flavor | Version | Tinstall | Tcheck | Ttotal | Status | Flags |
---|---|---|---|---|---|---|
r-devel-linux-x86_64-debian-clang | 1.0.5 | 67.80 | 136.97 | 204.77 | OK | |
r-devel-linux-x86_64-debian-gcc | 1.0.5 | 48.44 | 103.35 | 151.79 | OK | |
r-devel-linux-x86_64-fedora-clang | 1.0.5 | 261.40 | OK | |||
r-devel-linux-x86_64-fedora-gcc | 1.0.5 | 278.82 | OK | |||
r-devel-windows-x86_64 | 1.0.5 | 73.00 | 193.00 | 266.00 | NOTE | |
r-patched-linux-x86_64 | 1.0.5 | 42.43 | 128.99 | 171.42 | OK | |
r-release-linux-x86_64 | 1.0.5 | 39.45 | 130.68 | 170.13 | OK | |
r-release-macos-arm64 | 1.0.5 | 75.00 | NOTE | |||
r-release-macos-x86_64 | 1.0.5 | 113.00 | OK | |||
r-release-windows-x86_64 | 1.0.5 | 75.00 | 184.00 | 259.00 | NOTE | |
r-oldrel-macos-arm64 | 1.0.5 | 54.00 | NOTE | |||
r-oldrel-macos-x86_64 | 1.0.5 | 88.00 | OK | |||
r-oldrel-windows-ix86+x86_64 | 1.0.5 | 107.00 | 205.00 | 312.00 | NOTE |
Version: 1.0.5
Check: package dependencies
Result: NOTE
Package suggested but not available for checking: 'doMC'
Flavors: r-devel-windows-x86_64, r-release-windows-x86_64, r-oldrel-windows-ix86+x86_64
Version: 1.0.5
Check: installed package size
Result: NOTE
installed size is 5.0Mb
sub-directories of 1Mb or more:
R 1.1Mb
doc 2.6Mb
Flavors: r-devel-windows-x86_64, r-release-macos-arm64, r-release-windows-x86_64, r-oldrel-macos-arm64, r-oldrel-windows-ix86+x86_64