Last updated on 2022-08-15 08:49:57 CEST.
Flavor | Version | Tinstall | Tcheck | Ttotal | Status | Flags |
---|---|---|---|---|---|---|
r-devel-linux-x86_64-debian-clang | 0.4-7 | 2.35 | 28.35 | 30.70 | NOTE | |
r-devel-linux-x86_64-debian-gcc | 0.4-7 | 1.69 | 22.23 | 23.92 | NOTE | |
r-devel-linux-x86_64-fedora-clang | 0.4-7 | 49.58 | NOTE | |||
r-devel-linux-x86_64-fedora-gcc | 0.4-7 | 47.67 | NOTE | |||
r-devel-windows-x86_64 | 0.4-7 | 14.00 | 64.00 | 78.00 | NOTE | |
r-patched-linux-x86_64 | 0.4-7 | 2.24 | 27.82 | 30.06 | NOTE | |
r-release-linux-x86_64 | 0.4-7 | 1.77 | 27.95 | 29.72 | NOTE | |
r-release-macos-arm64 | 0.4-7 | 20.00 | NOTE | |||
r-release-macos-x86_64 | 0.4-7 | 26.00 | NOTE | |||
r-release-windows-x86_64 | 0.4-7 | 13.00 | 64.00 | 77.00 | NOTE | |
r-oldrel-macos-arm64 | 0.4-7 | 36.00 | NOTE | |||
r-oldrel-macos-x86_64 | 0.4-7 | 35.00 | NOTE | |||
r-oldrel-windows-ix86+x86_64 | 0.4-7 | 5.00 | 43.00 | 48.00 | NOTE |
Version: 0.4-7
Check: DESCRIPTION meta-information
Result: NOTE
Malformed Description field: should contain one or more complete sentences.
Flavors: r-devel-linux-x86_64-debian-clang, r-devel-linux-x86_64-debian-gcc, r-devel-linux-x86_64-fedora-clang, r-devel-linux-x86_64-fedora-gcc, r-devel-windows-x86_64, r-patched-linux-x86_64, r-release-linux-x86_64, r-release-macos-arm64, r-release-macos-x86_64, r-release-windows-x86_64, r-oldrel-macos-arm64, r-oldrel-macos-x86_64, r-oldrel-windows-ix86+x86_64