Last updated on 2022-08-15 08:49:57 CEST.
Flavor | Version | Tinstall | Tcheck | Ttotal | Status | Flags |
---|---|---|---|---|---|---|
r-devel-linux-x86_64-debian-clang | 0.5-1 | 5.29 | 52.31 | 57.60 | OK | |
r-devel-linux-x86_64-debian-gcc | 0.5-1 | 5.88 | 38.06 | 43.94 | OK | |
r-devel-linux-x86_64-fedora-clang | 0.5-1 | 81.08 | OK | |||
r-devel-linux-x86_64-fedora-gcc | 0.5-1 | 76.55 | OK | |||
r-devel-windows-x86_64 | 0.5-1 | 100.00 | 70.00 | 170.00 | OK | |
r-patched-linux-x86_64 | 0.5-1 | 6.71 | 48.13 | 54.84 | OK | |
r-release-linux-x86_64 | 0.5-1 | 7.79 | 48.30 | 56.09 | OK | |
r-release-macos-arm64 | 0.5-1 | 26.00 | OK | |||
r-release-macos-x86_64 | 0.5-1 | 32.00 | NOTE | |||
r-release-windows-x86_64 | 0.5-1 | 126.00 | 70.00 | 196.00 | OK | |
r-oldrel-macos-arm64 | 0.5-1 | 26.00 | OK | |||
r-oldrel-macos-x86_64 | 0.5-1 | 44.00 | OK | |||
r-oldrel-windows-ix86+x86_64 | 0.5-1 | 12.00 | 60.00 | 72.00 | OK |
Version: 0.5-1
Check: package dependencies
Result: NOTE
Package suggested but not available for checking: ‘pdftools’
Flavor: r-release-macos-x86_64