Last updated on 2022-08-15 08:49:57 CEST.
Flavor | Version | Tinstall | Tcheck | Ttotal | Status | Flags |
---|---|---|---|---|---|---|
r-devel-linux-x86_64-debian-clang | 0.1.4 | 44.62 | 42.91 | 87.53 | NOTE | |
r-devel-linux-x86_64-debian-gcc | 0.1.4 | 38.14 | 33.01 | 71.15 | NOTE | |
r-devel-linux-x86_64-fedora-clang | 0.1.4 | 126.66 | NOTE | |||
r-devel-linux-x86_64-fedora-gcc | 0.1.4 | 121.60 | NOTE | |||
r-devel-windows-x86_64 | 0.1.4 | 76.00 | 87.00 | 163.00 | NOTE | |
r-patched-linux-x86_64 | 0.1.4 | 39.67 | 41.52 | 81.19 | NOTE | |
r-release-linux-x86_64 | 0.1.4 | 37.44 | 41.89 | 79.33 | NOTE | |
r-release-macos-arm64 | 0.1.4 | 33.00 | NOTE | |||
r-release-macos-x86_64 | 0.1.4 | 45.00 | NOTE | |||
r-release-windows-x86_64 | 0.1.4 | 96.00 | 87.00 | 183.00 | NOTE | |
r-oldrel-macos-arm64 | 0.1.4 | 41.00 | NOTE | |||
r-oldrel-macos-x86_64 | 0.1.4 | 63.00 | NOTE | |||
r-oldrel-windows-ix86+x86_64 | 0.1.4 | 108.00 | 96.00 | 204.00 | NOTE |
Version: 0.1.4
Check: LazyData
Result: NOTE
'LazyData' is specified without a 'data' directory
Flavors: r-devel-linux-x86_64-debian-clang, r-devel-linux-x86_64-debian-gcc, r-devel-linux-x86_64-fedora-clang, r-devel-linux-x86_64-fedora-gcc, r-devel-windows-x86_64, r-patched-linux-x86_64, r-release-linux-x86_64, r-release-macos-arm64, r-release-macos-x86_64, r-release-windows-x86_64, r-oldrel-macos-arm64, r-oldrel-macos-x86_64, r-oldrel-windows-ix86+x86_64