Last updated on 2022-08-15 08:49:57 CEST.
Flavor | Version | Tinstall | Tcheck | Ttotal | Status | Flags |
---|---|---|---|---|---|---|
r-devel-linux-x86_64-debian-clang | 0.2.20 | 4.23 | 37.72 | 41.95 | NOTE | |
r-devel-linux-x86_64-debian-gcc | 0.2.20 | 2.90 | 28.68 | 31.58 | NOTE | |
r-devel-linux-x86_64-fedora-clang | 0.2.20 | 60.65 | NOTE | |||
r-devel-linux-x86_64-fedora-gcc | 0.2.20 | 58.37 | NOTE | |||
r-devel-windows-x86_64 | 0.2.20 | 21.00 | 65.00 | 86.00 | NOTE | |
r-patched-linux-x86_64 | 0.2.20 | 2.51 | 36.21 | 38.72 | NOTE | |
r-release-linux-x86_64 | 0.2.20 | 2.87 | 36.66 | 39.53 | NOTE | |
r-release-macos-arm64 | 0.2.20 | 23.00 | NOTE | |||
r-release-macos-x86_64 | 0.2.20 | 42.00 | NOTE | |||
r-release-windows-x86_64 | 0.2.20 | 20.00 | 64.00 | 84.00 | NOTE | |
r-oldrel-macos-arm64 | 0.2.20 | 27.00 | NOTE | |||
r-oldrel-macos-x86_64 | 0.2.20 | 33.00 | NOTE | |||
r-oldrel-windows-ix86+x86_64 | 0.2.20 | 9.00 | 57.00 | 66.00 | NOTE |
Version: 0.2.20
Check: LazyData
Result: NOTE
'LazyData' is specified without a 'data' directory
Flavors: r-devel-linux-x86_64-debian-clang, r-devel-linux-x86_64-debian-gcc, r-devel-linux-x86_64-fedora-clang, r-devel-linux-x86_64-fedora-gcc, r-devel-windows-x86_64, r-patched-linux-x86_64, r-release-linux-x86_64, r-release-macos-arm64, r-release-macos-x86_64, r-release-windows-x86_64, r-oldrel-macos-arm64, r-oldrel-macos-x86_64, r-oldrel-windows-ix86+x86_64
Version: 0.2.20
Check: dependencies in R code
Result: NOTE
Namespace in Imports field not imported from: ‘usethis’
All declared Imports should be used.
Flavors: r-devel-linux-x86_64-fedora-clang, r-devel-linux-x86_64-fedora-gcc, r-release-macos-arm64, r-release-macos-x86_64, r-oldrel-macos-arm64, r-oldrel-macos-x86_64