Last updated on 2022-08-15 08:49:57 CEST.
Flavor | Version | Tinstall | Tcheck | Ttotal | Status | Flags |
---|---|---|---|---|---|---|
r-devel-linux-x86_64-debian-clang | 1.3.1 | 5.84 | 621.51 | 627.35 | NOTE | |
r-devel-linux-x86_64-debian-gcc | 1.3.1 | 4.37 | 405.79 | 410.16 | NOTE | |
r-devel-linux-x86_64-fedora-clang | 1.3.1 | 695.05 | NOTE | |||
r-devel-linux-x86_64-fedora-gcc | 1.3.1 | 745.99 | NOTE | |||
r-devel-windows-x86_64 | 1.3.1 | 63.00 | 507.00 | 570.00 | NOTE | |
r-patched-linux-x86_64 | 1.3.1 | 4.41 | 573.69 | 578.10 | NOTE | |
r-release-linux-x86_64 | 1.3.1 | 4.65 | 577.77 | 582.42 | NOTE | |
r-release-macos-arm64 | 1.3.1 | 105.00 | NOTE | |||
r-release-macos-x86_64 | 1.3.1 | 264.00 | NOTE | |||
r-release-windows-x86_64 | 1.3.1 | 70.00 | 506.00 | 576.00 | NOTE | |
r-oldrel-macos-arm64 | 1.3.1 | 128.00 | NOTE | |||
r-oldrel-macos-x86_64 | 1.3.1 | 214.00 | NOTE | |||
r-oldrel-windows-ix86+x86_64 | 1.3.1 | 17.00 | 691.00 | 708.00 | NOTE |
Version: 1.3.1
Check: package subdirectories
Result: NOTE
Problems with news in 'NEWS.md':
Cannot extract version info from the following section titles:
News
Flavors: r-devel-linux-x86_64-debian-clang, r-devel-linux-x86_64-debian-gcc, r-devel-linux-x86_64-fedora-clang, r-devel-linux-x86_64-fedora-gcc, r-devel-windows-x86_64
Version: 1.3.1
Check: LazyData
Result: NOTE
'LazyData' is specified without a 'data' directory
Flavors: r-devel-linux-x86_64-debian-clang, r-devel-linux-x86_64-debian-gcc, r-devel-linux-x86_64-fedora-clang, r-devel-linux-x86_64-fedora-gcc, r-devel-windows-x86_64, r-patched-linux-x86_64, r-release-linux-x86_64, r-release-macos-arm64, r-release-macos-x86_64, r-release-windows-x86_64, r-oldrel-macos-arm64, r-oldrel-macos-x86_64, r-oldrel-windows-ix86+x86_64
Version: 1.3.1
Check: HTML version of manual
Result: NOTE
Found the following math rendering problems:
sample_session_duration.Rd:30: Undefined control sequence: \k in ...lambda ~ Gamma(\k, \theta)
Flavors: r-devel-linux-x86_64-debian-clang, r-devel-linux-x86_64-debian-gcc, r-devel-linux-x86_64-fedora-clang, r-devel-linux-x86_64-fedora-gcc