Last updated on 2022-08-15 08:49:57 CEST.
Flavor | Version | Tinstall | Tcheck | Ttotal | Status | Flags |
---|---|---|---|---|---|---|
r-devel-linux-x86_64-debian-clang | 0.0.3 | 3.44 | 110.70 | 114.14 | OK | |
r-devel-linux-x86_64-debian-gcc | 0.0.3 | 2.47 | 78.01 | 80.48 | OK | |
r-devel-linux-x86_64-fedora-clang | 0.0.3 | 146.48 | NOTE | |||
r-devel-linux-x86_64-fedora-gcc | 0.0.3 | 146.70 | NOTE | |||
r-devel-windows-x86_64 | 0.0.3 | 16.00 | 137.00 | 153.00 | OK | |
r-patched-linux-x86_64 | 0.0.3 | 3.27 | 110.52 | 113.79 | OK | |
r-release-linux-x86_64 | 0.0.3 | 3.13 | 109.31 | 112.44 | OK | |
r-release-macos-arm64 | 0.0.3 | 39.00 | NOTE | |||
r-release-macos-x86_64 | 0.0.3 | 61.00 | NOTE | |||
r-release-windows-x86_64 | 0.0.3 | 20.00 | 134.00 | 154.00 | OK | |
r-oldrel-macos-arm64 | 0.0.3 | 38.00 | NOTE | |||
r-oldrel-macos-x86_64 | 0.0.3 | 74.00 | NOTE | |||
r-oldrel-windows-ix86+x86_64 | 0.0.3 | 6.00 | 140.00 | 146.00 | OK |
Version: 0.0.3
Check: dependencies in R code
Result: NOTE
Namespaces in Imports field not imported from:
‘MASS’ ‘rjags’
All declared Imports should be used.
Flavors: r-devel-linux-x86_64-fedora-clang, r-devel-linux-x86_64-fedora-gcc, r-release-macos-arm64, r-release-macos-x86_64, r-oldrel-macos-arm64, r-oldrel-macos-x86_64