Last updated on 2022-08-15 08:49:57 CEST.
Flavor | Version | Tinstall | Tcheck | Ttotal | Status | Flags |
---|---|---|---|---|---|---|
r-devel-linux-x86_64-debian-clang | 1.0.4.3 | 111.74 | 69.74 | 181.48 | OK | |
r-devel-linux-x86_64-debian-gcc | 1.0.4.3 | 77.29 | 53.50 | 130.79 | OK | |
r-devel-linux-x86_64-fedora-clang | 1.0.4.3 | 262.84 | OK | |||
r-devel-linux-x86_64-fedora-gcc | 1.0.4.3 | 230.64 | OK | |||
r-devel-windows-x86_64 | 1.0.4.3 | 95.00 | 136.00 | 231.00 | OK | |
r-patched-linux-x86_64 | 1.0.4.3 | 90.91 | 68.12 | 159.03 | OK | |
r-release-linux-x86_64 | 1.0.4.3 | 83.22 | 68.59 | 151.81 | OK | |
r-release-macos-arm64 | 1.0.4.3 | 64.00 | NOTE | |||
r-release-macos-x86_64 | 1.0.4.3 | 85.00 | NOTE | |||
r-release-windows-x86_64 | 1.0.4.3 | 165.00 | 134.00 | 299.00 | OK | |
r-oldrel-macos-arm64 | 1.0.4.3 | 62.00 | NOTE | |||
r-oldrel-macos-x86_64 | 1.0.4.3 | 82.00 | NOTE | |||
r-oldrel-windows-ix86+x86_64 | 1.0.4.3 | 253.00 | 146.00 | 399.00 | OK |
Version: 1.0.4.3
Check: installed package size
Result: NOTE
installed size is 9.4Mb
sub-directories of 1Mb or more:
libs 8.9Mb
Flavors: r-release-macos-arm64, r-release-macos-x86_64, r-oldrel-macos-arm64, r-oldrel-macos-x86_64