Last updated on 2022-08-15 08:49:57 CEST.
Flavor | Version | Tinstall | Tcheck | Ttotal | Status | Flags |
---|---|---|---|---|---|---|
r-devel-linux-x86_64-debian-clang | 0.8.2 | 8.49 | 68.69 | 77.18 | NOTE | |
r-devel-linux-x86_64-debian-gcc | 0.8.3 | 6.01 | 51.96 | 57.97 | OK | |
r-devel-linux-x86_64-fedora-clang | 0.8.3 | 103.71 | OK | |||
r-devel-linux-x86_64-fedora-gcc | 0.8.3 | 105.15 | OK | |||
r-devel-windows-x86_64 | 0.8.3 | 69.00 | 132.00 | 201.00 | OK | |
r-patched-linux-x86_64 | 0.8.3 | 9.56 | 64.56 | 74.12 | OK | |
r-release-linux-x86_64 | 0.8.3 | 6.04 | 65.24 | 71.28 | OK | |
r-release-macos-arm64 | 0.8.3 | 49.00 | OK | |||
r-release-macos-x86_64 | 0.8.3 | 62.00 | OK | |||
r-release-windows-x86_64 | 0.8.3 | 59.00 | 136.00 | 195.00 | OK | |
r-oldrel-macos-arm64 | 0.8.3 | 57.00 | OK | |||
r-oldrel-macos-x86_64 | 0.8.3 | 72.00 | OK | |||
r-oldrel-windows-ix86+x86_64 | 0.8.2 | 18.00 | 159.00 | 177.00 | OK |
Version: 0.8.2
Check: HTML version of manual
Result: NOTE
Found the following math rendering problems:
fit_easylinear.Rd:39: Can't use function '$' in math mode in $b_{max}$
fit_easylinear.Rd:41: Can't use function '$' in math mode in $quota \cdot b_{...
Flavor: r-devel-linux-x86_64-debian-clang