Last updated on 2022-08-15 08:49:57 CEST.
Flavor | Version | Tinstall | Tcheck | Ttotal | Status | Flags |
---|---|---|---|---|---|---|
r-devel-linux-x86_64-debian-clang | 0.4.5 | 2.09 | 28.46 | 30.55 | NOTE | |
r-devel-linux-x86_64-debian-gcc | 0.4.5 | 1.62 | 22.02 | 23.64 | NOTE | |
r-devel-linux-x86_64-fedora-clang | 0.4.5 | 45.54 | NOTE | |||
r-devel-linux-x86_64-fedora-gcc | 0.4.5 | 47.20 | NOTE | |||
r-devel-windows-x86_64 | 0.4.5 | 10.00 | 59.00 | 69.00 | OK | |
r-patched-linux-x86_64 | 0.4.5 | 2.13 | 27.27 | 29.40 | OK | |
r-release-linux-x86_64 | 0.4.5 | 1.92 | 27.99 | 29.91 | OK | |
r-release-macos-arm64 | 0.4.5 | 31.00 | OK | |||
r-release-macos-x86_64 | 0.4.5 | 38.00 | OK | |||
r-release-windows-x86_64 | 0.4.5 | 8.00 | 59.00 | 67.00 | OK | |
r-oldrel-macos-arm64 | 0.4.5 | 33.00 | OK | |||
r-oldrel-macos-x86_64 | 0.4.5 | 38.00 | OK | |||
r-oldrel-windows-ix86+x86_64 | 0.4.5 | 5.00 | 57.00 | 62.00 | OK |
Version: 0.4.5
Check: HTML version of manual
Result: NOTE
Found the following HTML validation problems:
gsheet2tbl.html:31:5: Warning: trimming empty <p>
gsheet2tbl.html:31:1: Warning: trimming empty <li>
Flavors: r-devel-linux-x86_64-debian-clang, r-devel-linux-x86_64-debian-gcc, r-devel-linux-x86_64-fedora-clang, r-devel-linux-x86_64-fedora-gcc