Last updated on 2022-08-15 08:49:57 CEST.
Flavor | Version | Tinstall | Tcheck | Ttotal | Status | Flags |
---|---|---|---|---|---|---|
r-devel-linux-x86_64-debian-clang | 0.1.7 | 3.05 | 23.51 | 26.56 | NOTE | |
r-devel-linux-x86_64-debian-gcc | 0.1.7 | 2.23 | 18.69 | 20.92 | NOTE | |
r-devel-linux-x86_64-fedora-clang | 0.1.7 | 42.90 | NOTE | |||
r-devel-linux-x86_64-fedora-gcc | 0.1.7 | 41.82 | NOTE | |||
r-devel-windows-x86_64 | 0.1.7 | 11.00 | 50.00 | 61.00 | NOTE | |
r-patched-linux-x86_64 | 0.1.7 | 2.96 | 23.72 | 26.68 | NOTE | |
r-release-linux-x86_64 | 0.1.7 | 2.65 | 23.73 | 26.38 | NOTE | |
r-release-macos-arm64 | 0.1.7 | 16.00 | NOTE | |||
r-release-macos-x86_64 | 0.1.7 | 20.00 | NOTE | |||
r-release-windows-x86_64 | 0.1.7 | 8.00 | 48.00 | 56.00 | NOTE | |
r-oldrel-macos-arm64 | 0.1.7 | 23.00 | NOTE | |||
r-oldrel-macos-x86_64 | 0.1.7 | 31.00 | NOTE | |||
r-oldrel-windows-ix86+x86_64 | 0.1.7 | 8.00 | 36.00 | 44.00 | NOTE |
Version: 0.1.7
Check: DESCRIPTION meta-information
Result: NOTE
Malformed Description field: should contain one or more complete sentences.
Flavors: r-devel-linux-x86_64-debian-clang, r-devel-linux-x86_64-debian-gcc, r-devel-linux-x86_64-fedora-clang, r-devel-linux-x86_64-fedora-gcc, r-devel-windows-x86_64, r-patched-linux-x86_64, r-release-linux-x86_64, r-release-macos-arm64, r-release-macos-x86_64, r-release-windows-x86_64, r-oldrel-macos-arm64, r-oldrel-macos-x86_64, r-oldrel-windows-ix86+x86_64
Version: 0.1.7
Check: compiled code
Result: NOTE
File ‘gsmoothr/libs/gsmoothr.so’:
Found no call to: ‘R_useDynamicSymbols’
It is good practice to register native routines and to disable symbol
search.
See ‘Writing portable packages’ in the ‘Writing R Extensions’ manual.
Flavors: r-devel-linux-x86_64-fedora-clang, r-devel-linux-x86_64-fedora-gcc