Last updated on 2022-08-15 08:49:57 CEST.
Flavor | Version | Tinstall | Tcheck | Ttotal | Status | Flags |
---|---|---|---|---|---|---|
r-devel-linux-x86_64-debian-clang | 0.1.0 | 7.11 | 61.18 | 68.29 | OK | |
r-devel-linux-x86_64-debian-gcc | 0.1.0 | 5.22 | 45.03 | 50.25 | OK | |
r-devel-linux-x86_64-fedora-clang | 0.1.0 | 88.74 | NOTE | |||
r-devel-linux-x86_64-fedora-gcc | 0.1.0 | 85.93 | NOTE | |||
r-devel-windows-x86_64 | 0.1.0 | 17.00 | 81.00 | 98.00 | OK | |
r-patched-linux-x86_64 | 0.1.0 | 5.56 | 56.28 | 61.84 | OK | |
r-release-linux-x86_64 | 0.1.0 | 5.54 | 57.33 | 62.87 | OK | |
r-release-macos-arm64 | 0.1.0 | 24.00 | NOTE | |||
r-release-macos-x86_64 | 0.1.0 | 46.00 | NOTE | |||
r-release-windows-x86_64 | 0.1.0 | 18.00 | 82.00 | 100.00 | OK | |
r-oldrel-macos-arm64 | 0.1.0 | 32.00 | NOTE | |||
r-oldrel-macos-x86_64 | 0.1.0 | 43.00 | NOTE | |||
r-oldrel-windows-ix86+x86_64 | 0.1.0 | 16.00 | 79.00 | 95.00 | OK |
Version: 0.1.0
Check: dependencies in R code
Result: NOTE
Namespace in Imports field not imported from: ‘dplyr’
All declared Imports should be used.
Flavors: r-devel-linux-x86_64-fedora-clang, r-devel-linux-x86_64-fedora-gcc, r-release-macos-arm64, r-release-macos-x86_64, r-oldrel-macos-arm64, r-oldrel-macos-x86_64