Last updated on 2022-08-15 08:49:57 CEST.
Flavor | Version | Tinstall | Tcheck | Ttotal | Status | Flags |
---|---|---|---|---|---|---|
r-devel-linux-x86_64-debian-clang | 2.0-9 | 24.19 | 223.02 | 247.21 | NOTE | |
r-devel-linux-x86_64-debian-gcc | 2.0-9 | 17.01 | 168.82 | 185.83 | NOTE | |
r-devel-linux-x86_64-fedora-clang | 2.0-9 | 311.58 | NOTE | |||
r-devel-linux-x86_64-fedora-gcc | 2.0-9 | 338.72 | NOTE | |||
r-devel-windows-x86_64 | 2.0-9 | 75.00 | 315.00 | 390.00 | NOTE | |
r-patched-linux-x86_64 | 2.0-9 | 24.85 | 211.98 | 236.83 | OK | |
r-release-linux-x86_64 | 2.0-9 | 21.42 | 214.19 | 235.61 | OK | |
r-release-macos-arm64 | 2.0-9 | 108.00 | OK | |||
r-release-macos-x86_64 | 2.0-9 | 138.00 | OK | |||
r-release-windows-x86_64 | 2.0-9 | 78.00 | 322.00 | 400.00 | OK | |
r-oldrel-macos-arm64 | 2.0-9 | 96.00 | OK | |||
r-oldrel-macos-x86_64 | 2.0-9 | 138.00 | OK | |||
r-oldrel-windows-ix86+x86_64 | 2.0-9 | 62.00 | 407.00 | 469.00 | OK |
Version: 2.0-9
Check: Rd files
Result: NOTE
checkRd: (-1) fit.variogram.Rd:91: Escaped LaTeX specials: \&
checkRd: (-1) fit.variogram.gls.Rd:39: Escaped LaTeX specials: \&
checkRd: (-1) gstat.Rd:117: Escaped LaTeX specials: \&
checkRd: (-1) hscat.Rd:40: Escaped LaTeX specials: \&
checkRd: (-1) krige.Rd:163: Escaped LaTeX specials: \&
checkRd: (-1) krigeST.Rd:85: Escaped LaTeX specials: \&
checkRd: (-1) meuse.all.Rd:41: Escaped LaTeX specials: \&
checkRd: (-1) predict.gstat.Rd:155: Escaped LaTeX specials: \&
checkRd: (-1) variogram.Rd:163: Escaped LaTeX specials: \&
checkRd: (-1) variogramST.Rd:61: Escaped LaTeX specials: \&
checkRd: (-1) vgm.Rd:116: Escaped LaTeX specials: \&
Flavors: r-devel-linux-x86_64-debian-clang, r-devel-linux-x86_64-debian-gcc, r-devel-linux-x86_64-fedora-clang, r-devel-linux-x86_64-fedora-gcc, r-devel-windows-x86_64