Last updated on 2022-08-15 08:49:57 CEST.
Flavor | Version | Tinstall | Tcheck | Ttotal | Status | Flags |
---|---|---|---|---|---|---|
r-devel-linux-x86_64-debian-clang | 1.0-6 | 14.36 | 71.43 | 85.79 | NOTE | |
r-devel-linux-x86_64-debian-gcc | 1.0-6 | 11.78 | 53.93 | 65.71 | NOTE | |
r-devel-linux-x86_64-fedora-clang | 1.0-6 | 114.57 | NOTE | |||
r-devel-linux-x86_64-fedora-gcc | 1.0-6 | 105.86 | NOTE | |||
r-devel-windows-x86_64 | 1.0-6 | 83.00 | 111.00 | 194.00 | NOTE | |
r-patched-linux-x86_64 | 1.0-6 | 17.31 | 61.54 | 78.85 | OK | |
r-release-linux-x86_64 | 1.0-6 | 13.57 | 59.62 | 73.19 | OK | |
r-release-macos-arm64 | 1.0-6 | 32.00 | OK | |||
r-release-macos-x86_64 | 1.0-6 | 47.00 | OK | |||
r-release-windows-x86_64 | 1.0-6 | 86.00 | 108.00 | 194.00 | OK | |
r-oldrel-macos-arm64 | 1.0-6 | 40.00 | OK | |||
r-oldrel-macos-x86_64 | 1.0-6 | 63.00 | OK | |||
r-oldrel-windows-ix86+x86_64 | 1.0-6 | 37.00 | 116.00 | 153.00 | OK |
Version: 1.0-6
Check: package subdirectories
Result: NOTE
Problems with news in 'NEWS.md':
No news entries found.
Flavors: r-devel-linux-x86_64-debian-clang, r-devel-linux-x86_64-debian-gcc, r-devel-linux-x86_64-fedora-clang, r-devel-linux-x86_64-fedora-gcc, r-devel-windows-x86_64