Last updated on 2022-08-15 08:49:57 CEST.
Flavor | Version | Tinstall | Tcheck | Ttotal | Status | Flags |
---|---|---|---|---|---|---|
r-devel-linux-x86_64-debian-clang | 1.2.1 | 65.46 | 127.92 | 193.38 | OK | |
r-devel-linux-x86_64-debian-gcc | 1.2.1 | 50.31 | 96.08 | 146.39 | OK | |
r-devel-linux-x86_64-fedora-clang | 1.2.1 | 249.65 | OK | |||
r-devel-linux-x86_64-fedora-gcc | 1.2.1 | 241.75 | OK | |||
r-devel-windows-x86_64 | 1.2.1 | 49.00 | 155.00 | 204.00 | OK | |
r-patched-linux-x86_64 | 1.2.1 | 56.16 | 119.18 | 175.34 | OK | |
r-release-linux-x86_64 | 1.2.1 | 53.64 | 121.48 | 175.12 | OK | |
r-release-macos-arm64 | 1.2.1 | 61.00 | OK | |||
r-release-macos-x86_64 | 1.2.1 | 124.00 | OK | |||
r-release-windows-x86_64 | 1.2.1 | 52.00 | 155.00 | 207.00 | OK | |
r-oldrel-macos-arm64 | 1.2.1 | 67.00 | NOTE | |||
r-oldrel-macos-x86_64 | 1.2.1 | 81.00 | OK | |||
r-oldrel-windows-ix86+x86_64 | 1.2.1 | 137.00 | 187.00 | 324.00 | OK |
Version: 1.2.1
Check: installed package size
Result: NOTE
installed size is 5.5Mb
sub-directories of 1Mb or more:
libs 5.1Mb
Flavor: r-oldrel-macos-arm64