Last updated on 2022-08-15 08:49:57 CEST.
Flavor | Version | Tinstall | Tcheck | Ttotal | Status | Flags |
---|---|---|---|---|---|---|
r-devel-linux-x86_64-debian-clang | 0.2.1 | 8.82 | 99.53 | 108.35 | NOTE | |
r-devel-linux-x86_64-debian-gcc | 0.2.1 | 7.17 | 71.88 | 79.05 | NOTE | |
r-devel-linux-x86_64-fedora-clang | 0.2.1 | 135.69 | NOTE | |||
r-devel-linux-x86_64-fedora-gcc | 0.2.1 | 142.42 | NOTE | |||
r-devel-windows-x86_64 | 0.2.1 | 30.00 | 121.00 | 151.00 | OK | |
r-patched-linux-x86_64 | 0.2.1 | 8.09 | 92.42 | 100.51 | OK | |
r-release-linux-x86_64 | 0.2.1 | 7.25 | 92.77 | 100.02 | OK | |
r-release-macos-arm64 | 0.2.1 | 43.00 | NOTE | |||
r-release-macos-x86_64 | 0.2.1 | 76.00 | NOTE | |||
r-release-windows-x86_64 | 0.2.1 | 37.00 | 124.00 | 161.00 | OK | |
r-oldrel-macos-arm64 | 0.2.1 | 50.00 | NOTE | |||
r-oldrel-macos-x86_64 | 0.2.1 | 58.00 | NOTE | |||
r-oldrel-windows-ix86+x86_64 | 0.2.1 | 20.00 | 123.00 | 143.00 | OK |
Version: 0.2.1
Check: HTML version of manual
Result: NOTE
Found the following HTML validation problems:
gutenberg_get_mirror.html:25:1: Warning: <a> illegal characters found in URI
Flavors: r-devel-linux-x86_64-debian-clang, r-devel-linux-x86_64-debian-gcc, r-devel-linux-x86_64-fedora-clang, r-devel-linux-x86_64-fedora-gcc
Version: 0.2.1
Check: data for non-ASCII characters
Result: NOTE
Note: found 13617 marked UTF-8 strings
Flavors: r-devel-linux-x86_64-fedora-clang, r-devel-linux-x86_64-fedora-gcc, r-release-macos-arm64, r-release-macos-x86_64, r-oldrel-macos-arm64, r-oldrel-macos-x86_64