Last updated on 2022-08-15 08:49:57 CEST.
Flavor | Version | Tinstall | Tcheck | Ttotal | Status | Flags |
---|---|---|---|---|---|---|
r-devel-linux-x86_64-debian-clang | 0.1.0 | 18.35 | 137.77 | 156.12 | NOTE | |
r-devel-linux-x86_64-debian-gcc | 0.1.0 | 14.70 | 101.18 | 115.88 | NOTE | |
r-devel-linux-x86_64-fedora-clang | 0.1.0 | 193.22 | NOTE | |||
r-devel-linux-x86_64-fedora-gcc | 0.1.0 | 195.14 | NOTE | |||
r-devel-windows-x86_64 | 0.1.0 | 18.00 | 145.00 | 163.00 | NOTE | |
r-patched-linux-x86_64 | 0.1.0 | 16.05 | 128.87 | 144.92 | NOTE | |
r-release-linux-x86_64 | 0.1.0 | 17.88 | 128.92 | 146.80 | NOTE | |
r-release-macos-arm64 | 0.1.0 | 49.00 | NOTE | |||
r-release-macos-x86_64 | 0.1.0 | 87.00 | NOTE | |||
r-release-windows-x86_64 | 0.1.0 | 19.00 | 149.00 | 168.00 | NOTE | |
r-oldrel-macos-arm64 | 0.1.0 | 59.00 | NOTE | |||
r-oldrel-macos-x86_64 | 0.1.0 | 96.00 | NOTE | |||
r-oldrel-windows-ix86+x86_64 | 0.1.0 | 40.00 | 145.00 | 185.00 | NOTE |
Version: 0.1.0
Check: LazyData
Result: NOTE
'LazyData' is specified without a 'data' directory
Flavors: r-devel-linux-x86_64-debian-clang, r-devel-linux-x86_64-debian-gcc, r-devel-linux-x86_64-fedora-clang, r-devel-linux-x86_64-fedora-gcc, r-devel-windows-x86_64, r-patched-linux-x86_64, r-release-linux-x86_64, r-release-macos-arm64, r-release-macos-x86_64, r-release-windows-x86_64, r-oldrel-macos-arm64, r-oldrel-macos-x86_64, r-oldrel-windows-ix86+x86_64