Last updated on 2022-08-15 08:49:57 CEST.
Flavor | Version | Tinstall | Tcheck | Ttotal | Status | Flags |
---|---|---|---|---|---|---|
r-devel-linux-x86_64-debian-clang | 3.0 | 44.21 | 402.17 | 446.38 | NOTE | |
r-devel-linux-x86_64-debian-gcc | 3.0 | 37.09 | 295.63 | 332.72 | NOTE | |
r-devel-linux-x86_64-fedora-clang | 3.0 | 533.85 | NOTE | |||
r-devel-linux-x86_64-fedora-gcc | 3.0 | 560.96 | NOTE | |||
r-devel-windows-x86_64 | 3.0 | 57.00 | 403.00 | 460.00 | NOTE | |
r-patched-linux-x86_64 | 3.0 | 52.16 | 388.32 | 440.48 | OK | |
r-release-linux-x86_64 | 3.0 | 35.07 | 380.97 | 416.04 | OK | |
r-release-macos-arm64 | 3.0 | 114.00 | NOTE | |||
r-release-macos-x86_64 | 3.0 | 158.00 | NOTE | |||
r-release-windows-x86_64 | 3.0 | 49.00 | 416.00 | 465.00 | OK | |
r-oldrel-macos-arm64 | 3.0 | 89.00 | NOTE | |||
r-oldrel-macos-x86_64 | 3.0 | 158.00 | NOTE | |||
r-oldrel-windows-ix86+x86_64 | 3.0 | 102.00 | 418.00 | 520.00 | OK |
Version: 3.0
Check: Rd files
Result: NOTE
checkRd: (-1) luzdat.Rd:21: Escaped LaTeX specials: \~
Flavors: r-devel-linux-x86_64-debian-clang, r-devel-linux-x86_64-debian-gcc, r-devel-linux-x86_64-fedora-clang, r-devel-linux-x86_64-fedora-gcc, r-devel-windows-x86_64
Version: 3.0
Check: dependencies in R code
Result: NOTE
Namespace in Imports field not imported from: ‘Matrix’
All declared Imports should be used.
Flavors: r-devel-linux-x86_64-fedora-clang, r-devel-linux-x86_64-fedora-gcc, r-release-macos-arm64, r-release-macos-x86_64, r-oldrel-macos-arm64, r-oldrel-macos-x86_64