Last updated on 2022-08-15 08:49:58 CEST.
Flavor | Version | Tinstall | Tcheck | Ttotal | Status | Flags |
---|---|---|---|---|---|---|
r-devel-linux-x86_64-debian-clang | 0.1.3 | 34.46 | 113.52 | 147.98 | OK | |
r-devel-linux-x86_64-debian-gcc | 0.1.3 | 26.36 | 83.37 | 109.73 | OK | |
r-devel-linux-x86_64-fedora-clang | 0.1.3 | 190.46 | NOTE | |||
r-devel-linux-x86_64-fedora-gcc | 0.1.3 | 181.15 | NOTE | |||
r-devel-windows-x86_64 | 0.1.3 | 38.00 | 145.00 | 183.00 | OK | |
r-patched-linux-x86_64 | 0.1.3 | 26.53 | 105.20 | 131.73 | OK | |
r-release-linux-x86_64 | 0.1.3 | 20.78 | 106.80 | 127.58 | OK | |
r-release-macos-arm64 | 0.1.3 | 47.00 | NOTE | |||
r-release-macos-x86_64 | 0.1.3 | 83.00 | NOTE | |||
r-release-windows-x86_64 | 0.1.3 | 43.00 | 136.00 | 179.00 | OK | |
r-oldrel-macos-arm64 | 0.1.3 | 57.00 | NOTE | |||
r-oldrel-macos-x86_64 | 0.1.3 | 65.00 | NOTE | |||
r-oldrel-windows-ix86+x86_64 | 0.1.3 | 78.00 | 191.00 | 269.00 | OK |
Version: 0.1.3
Check: dependencies in R code
Result: NOTE
Namespaces in Imports field not imported from:
‘DT’ ‘attempt’ ‘corpcor’ ‘glue’ ‘htmltools’ ‘pkgload’ ‘processx’
‘tools’
All declared Imports should be used.
Flavors: r-devel-linux-x86_64-fedora-clang, r-devel-linux-x86_64-fedora-gcc, r-release-macos-arm64, r-release-macos-x86_64, r-oldrel-macos-arm64, r-oldrel-macos-x86_64