Last updated on 2022-08-15 08:49:58 CEST.
Flavor | Version | Tinstall | Tcheck | Ttotal | Status | Flags |
---|---|---|---|---|---|---|
r-devel-linux-x86_64-debian-clang | 1.1.0 | 27.63 | 106.12 | 133.75 | NOTE | |
r-devel-linux-x86_64-debian-gcc | 1.1.0 | 22.88 | 80.21 | 103.09 | NOTE | |
r-devel-linux-x86_64-fedora-clang | 1.1.0 | 176.08 | NOTE | |||
r-devel-linux-x86_64-fedora-gcc | 1.1.0 | 182.54 | NOTE | |||
r-devel-windows-x86_64 | 1.1.0 | 41.00 | 144.00 | 185.00 | OK | |
r-patched-linux-x86_64 | 1.1.0 | 23.68 | 99.65 | 123.33 | OK | |
r-release-linux-x86_64 | 1.1.0 | 22.80 | 101.90 | 124.70 | OK | |
r-release-macos-arm64 | 1.1.0 | 45.00 | OK | |||
r-release-macos-x86_64 | 1.1.0 | 73.00 | OK | |||
r-release-windows-x86_64 | 1.1.0 | 53.00 | 144.00 | 197.00 | OK | |
r-oldrel-macos-arm64 | 1.1.0 | 41.00 | OK | |||
r-oldrel-macos-x86_64 | 1.1.0 | 64.00 | OK | |||
r-oldrel-windows-ix86+x86_64 | 1.1.0 | 69.00 | 187.00 | 256.00 | OK |
Version: 1.1.0
Check: HTML version of manual
Result: NOTE
Found the following HTML validation problems:
gyrodemos.html:50:1: Warning: inserting implicit <p>
gyrodemos.html:50:1: Warning: trimming empty <p>
Flavors: r-devel-linux-x86_64-debian-clang, r-devel-linux-x86_64-debian-gcc, r-devel-linux-x86_64-fedora-clang, r-devel-linux-x86_64-fedora-gcc