Last updated on 2022-08-15 08:49:58 CEST.
Flavor | Version | Tinstall | Tcheck | Ttotal | Status | Flags |
---|---|---|---|---|---|---|
r-devel-linux-x86_64-debian-clang | 0.1.0 | 2.95 | 37.19 | 40.14 | NOTE | |
r-devel-linux-x86_64-debian-gcc | 0.1.0 | 2.26 | 31.90 | 34.16 | NOTE | |
r-devel-linux-x86_64-fedora-clang | 0.1.0 | 59.79 | NOTE | |||
r-devel-linux-x86_64-fedora-gcc | 0.1.0 | 58.52 | NOTE | |||
r-devel-windows-x86_64 | 0.1.0 | 51.00 | 103.00 | 154.00 | NOTE | |
r-patched-linux-x86_64 | 0.1.0 | 3.33 | 34.34 | 37.67 | NOTE | |
r-release-linux-x86_64 | 0.1.0 | 2.10 | 38.30 | 40.40 | NOTE | |
r-release-macos-arm64 | 0.1.0 | 38.00 | NOTE | |||
r-release-macos-x86_64 | 0.1.0 | 161.00 | NOTE | |||
r-release-windows-x86_64 | 0.1.0 | 71.00 | 115.00 | 186.00 | NOTE | |
r-oldrel-macos-arm64 | 0.1.0 | 38.00 | NOTE | |||
r-oldrel-macos-x86_64 | 0.1.0 | 50.00 | NOTE | |||
r-oldrel-windows-ix86+x86_64 | 0.1.0 | 7.00 | 68.00 | 75.00 | NOTE |
Version: 0.1.0
Check: LazyData
Result: NOTE
'LazyData' is specified without a 'data' directory
Flavors: r-devel-linux-x86_64-debian-clang, r-devel-linux-x86_64-debian-gcc, r-devel-linux-x86_64-fedora-clang, r-devel-linux-x86_64-fedora-gcc, r-devel-windows-x86_64, r-patched-linux-x86_64, r-release-linux-x86_64, r-release-macos-arm64, r-release-macos-x86_64, r-release-windows-x86_64, r-oldrel-macos-arm64, r-oldrel-macos-x86_64, r-oldrel-windows-ix86+x86_64