Last updated on 2022-08-15 08:49:58 CEST.
Flavor | Version | Tinstall | Tcheck | Ttotal | Status | Flags |
---|---|---|---|---|---|---|
r-devel-linux-x86_64-debian-clang | 3.1.2 | 44.24 | 201.49 | 245.73 | NOTE | |
r-devel-linux-x86_64-debian-gcc | 3.1.2 | 37.00 | 147.56 | 184.56 | NOTE | |
r-devel-linux-x86_64-fedora-clang | 3.1.2 | 320.33 | NOTE | |||
r-devel-linux-x86_64-fedora-gcc | 3.1.2 | 368.76 | NOTE | |||
r-devel-windows-x86_64 | 3.1.2 | 132.00 | 263.00 | 395.00 | OK | |
r-patched-linux-x86_64 | 3.1.2 | 44.15 | 188.04 | 232.19 | OK | |
r-release-linux-x86_64 | 3.1.2 | 44.93 | 184.99 | 229.92 | OK | |
r-release-macos-arm64 | 3.1.2 | 86.00 | NOTE | |||
r-release-macos-x86_64 | 3.1.2 | 145.00 | NOTE | |||
r-release-windows-x86_64 | 3.1.2 | 129.00 | 284.00 | 413.00 | OK | |
r-oldrel-macos-arm64 | 3.1.2 | 86.00 | NOTE | |||
r-oldrel-macos-x86_64 | 3.1.2 | 131.00 | NOTE | |||
r-oldrel-windows-ix86+x86_64 | 3.1.2 | 95.00 | 302.00 | 397.00 | NOTE |
Version: 3.1.2
Check: HTML version of manual
Result: NOTE
Found the following HTML validation problems:
cf_key_meson_3pt.html:19:1: Warning: missing </h2> before <ul>
cf_key_meson_3pt.html:72:1: Warning: discarding unexpected </h2>
correlators_key_meson_3pt.html:19:1: Warning: missing </h2> before <ul>
correlators_key_meson_3pt.html:72:1: Warning: discarding unexpected </h2>
gevp.html:84:45: Warning: trimming empty <code>
gevp.html:85:17: Warning: trimming empty <code>
Flavors: r-devel-linux-x86_64-debian-clang, r-devel-linux-x86_64-debian-gcc, r-devel-linux-x86_64-fedora-clang, r-devel-linux-x86_64-fedora-gcc
Version: 3.1.2
Check: package dependencies
Result: NOTE
Package suggested but not available for checking: ‘rhdf5’
Flavor: r-release-macos-arm64
Version: 3.1.2
Check: installed package size
Result: NOTE
installed size is 5.2Mb
sub-directories of 1Mb or more:
data 1.3Mb
libs 1.6Mb
Flavors: r-release-macos-arm64, r-release-macos-x86_64, r-oldrel-macos-arm64, r-oldrel-macos-x86_64, r-oldrel-windows-ix86+x86_64
Version: 3.1.2
Check: package dependencies
Result: NOTE
Package suggested but not available for checking: ‘staplr’
Flavor: r-release-macos-x86_64