Last updated on 2022-08-15 08:49:58 CEST.
Flavor | Version | Tinstall | Tcheck | Ttotal | Status | Flags |
---|---|---|---|---|---|---|
r-devel-linux-x86_64-debian-clang | 0.3.0 | 6.68 | 44.09 | 50.77 | OK | |
r-devel-linux-x86_64-debian-gcc | 0.3.0 | 4.77 | 33.14 | 37.91 | OK | |
r-devel-linux-x86_64-fedora-clang | 0.3.0 | 69.20 | NOTE | |||
r-devel-linux-x86_64-fedora-gcc | 0.3.0 | 69.26 | NOTE | |||
r-devel-windows-x86_64 | 0.3.0 | 32.00 | 67.00 | 99.00 | OK | |
r-patched-linux-x86_64 | 0.3.0 | 6.22 | 41.40 | 47.62 | OK | |
r-release-linux-x86_64 | 0.3.0 | 5.78 | 41.40 | 47.18 | OK | |
r-release-macos-arm64 | 0.3.0 | 24.00 | OK | |||
r-release-macos-x86_64 | 0.3.0 | 31.00 | OK | |||
r-release-windows-x86_64 | 0.3.0 | 25.00 | 71.00 | 96.00 | OK | |
r-oldrel-macos-arm64 | 0.3.0 | 28.00 | OK | |||
r-oldrel-macos-x86_64 | 0.3.0 | 41.00 | OK | |||
r-oldrel-windows-ix86+x86_64 | 0.3.0 | 13.00 | 66.00 | 79.00 | OK |
Version: 0.3.0
Check: package dependencies
Result: NOTE
Suggests orphaned package: ‘bibtex’
Flavors: r-devel-linux-x86_64-fedora-clang, r-devel-linux-x86_64-fedora-gcc