Last updated on 2022-08-15 08:49:58 CEST.
Flavor | Version | Tinstall | Tcheck | Ttotal | Status | Flags |
---|---|---|---|---|---|---|
r-devel-linux-x86_64-debian-clang | 1.8.9 | 23.93 | 266.62 | 290.55 | NOTE | |
r-devel-linux-x86_64-debian-gcc | 1.8.9 | 17.74 | 210.95 | 228.69 | NOTE | |
r-devel-linux-x86_64-fedora-clang | 1.8.9 | 362.93 | NOTE | |||
r-devel-linux-x86_64-fedora-gcc | 1.8.9 | 362.29 | NOTE | |||
r-devel-windows-x86_64 | 1.8.9 | 75.00 | 326.00 | 401.00 | NOTE | |
r-patched-linux-x86_64 | 1.8.9 | 18.55 | 256.18 | 274.73 | OK | |
r-release-linux-x86_64 | 1.8.9 | 15.19 | 253.48 | 268.67 | OK | |
r-release-macos-arm64 | 1.8.9 | 97.00 | OK | |||
r-release-macos-x86_64 | 1.8.9 | 135.00 | OK | |||
r-release-windows-x86_64 | 1.8.9 | 99.00 | 349.00 | 448.00 | OK | |
r-oldrel-macos-arm64 | 1.8.9 | 101.00 | OK | |||
r-oldrel-macos-x86_64 | 1.8.9 | 130.00 | OK | |||
r-oldrel-windows-ix86+x86_64 | 1.8.9 | 51.00 | 477.00 | 528.00 | OK |
Version: 1.8.9
Check: Rd files
Result: NOTE
checkRd: (-1) haplo.design.Rd:33: Escaped LaTeX specials: \$
checkRd: (-1) haplo.design.Rd:42: Escaped LaTeX specials: \$
checkRd: (-1) haplo.glm.Rd:176: Escaped LaTeX specials: \$ \$ \$
checkRd: (-1) haplo.glm.Rd:178: Escaped LaTeX specials: \$ \$ \$
checkRd: (-1) haplo.glm.Rd:283: Escaped LaTeX specials: \$ \$
checkRd: (-1) haplo.glm.Rd:292: Escaped LaTeX specials: \$ \$
checkRd: (-1) haplo.glm.Rd:324: Escaped LaTeX specials: \$ \$
Flavors: r-devel-linux-x86_64-debian-clang, r-devel-linux-x86_64-debian-gcc, r-devel-linux-x86_64-fedora-clang, r-devel-linux-x86_64-fedora-gcc, r-devel-windows-x86_64