Last updated on 2022-08-15 08:49:58 CEST.
Flavor | Version | Tinstall | Tcheck | Ttotal | Status | Flags |
---|---|---|---|---|---|---|
r-devel-linux-x86_64-debian-clang | 2.2.6.2 | 2.76 | 40.41 | 43.17 | NOTE | |
r-devel-linux-x86_64-debian-gcc | 2.2.6.2 | 2.52 | 30.90 | 33.42 | NOTE | |
r-devel-linux-x86_64-fedora-clang | 2.2.6.2 | 62.41 | NOTE | |||
r-devel-linux-x86_64-fedora-gcc | 2.2.6.2 | 60.95 | NOTE | |||
r-devel-windows-x86_64 | 2.2.6.2 | 21.00 | 65.00 | 86.00 | NOTE | |
r-patched-linux-x86_64 | 2.2.6.2 | 3.23 | 38.65 | 41.88 | OK | |
r-release-linux-x86_64 | 2.2.6.2 | 2.65 | 39.47 | 42.12 | OK | |
r-release-macos-arm64 | 2.2.6.2 | 20.00 | OK | |||
r-release-macos-x86_64 | 2.2.6.2 | 28.00 | OK | |||
r-release-windows-x86_64 | 2.2.6.2 | 24.00 | 67.00 | 91.00 | OK | |
r-oldrel-macos-arm64 | 2.2.6.2 | 20.00 | OK | |||
r-oldrel-macos-x86_64 | 2.2.6.2 | 30.00 | OK | |||
r-oldrel-windows-ix86+x86_64 | 2.2.6.2 | 10.00 | 62.00 | 72.00 | OK |
Version: 2.2.6.2
Check: Rd files
Result: NOTE
checkRd: (-1) hash-accessors.Rd:46: Escaped LaTeX specials: \$
checkRd: (-1) hash-class.Rd:44: Escaped LaTeX specials: \$
checkRd: (-1) hash-class.Rd:45: Escaped LaTeX specials: \$
checkRd: (-1) hash-package.Rd:39: Escaped LaTeX specials: \#
Flavors: r-devel-linux-x86_64-debian-clang, r-devel-linux-x86_64-debian-gcc, r-devel-linux-x86_64-fedora-clang, r-devel-linux-x86_64-fedora-gcc, r-devel-windows-x86_64