Last updated on 2022-08-15 08:49:58 CEST.
Flavor | Version | Tinstall | Tcheck | Ttotal | Status | Flags |
---|---|---|---|---|---|---|
r-devel-linux-x86_64-debian-clang | 0.0-4 | 32.93 | 27.46 | 60.39 | OK | |
r-devel-linux-x86_64-debian-gcc | 0.0-4 | 29.59 | 21.02 | 50.61 | OK | |
r-devel-linux-x86_64-fedora-clang | 0.0-4 | 98.85 | NOTE | |||
r-devel-linux-x86_64-fedora-gcc | 0.0-4 | 91.55 | NOTE | |||
r-devel-windows-x86_64 | 0.0-4 | 32.00 | 69.00 | 101.00 | OK | |
r-patched-linux-x86_64 | 0.0-4 | 32.37 | 26.36 | 58.73 | OK | |
r-release-linux-x86_64 | 0.0-4 | 31.07 | 26.72 | 57.79 | OK | |
r-release-macos-arm64 | 0.0-4 | 27.00 | OK | |||
r-release-macos-x86_64 | 0.0-4 | 36.00 | OK | |||
r-release-windows-x86_64 | 0.0-4 | 38.00 | 71.00 | 109.00 | OK | |
r-oldrel-macos-arm64 | 0.0-4 | 32.00 | OK | |||
r-oldrel-macos-x86_64 | 0.0-4 | 50.00 | OK | |||
r-oldrel-windows-ix86+x86_64 | 0.0-4 | 93.00 | 80.00 | 173.00 | OK |
Version: 0.0-4
Check: compiled code
Result: NOTE
File ‘hawkes/libs/hawkes.so’:
Found no calls to: ‘R_registerRoutines’, ‘R_useDynamicSymbols’
It is good practice to register native routines and to disable symbol
search.
See ‘Writing portable packages’ in the ‘Writing R Extensions’ manual.
Flavors: r-devel-linux-x86_64-fedora-clang, r-devel-linux-x86_64-fedora-gcc