Last updated on 2022-08-15 08:49:58 CEST.
Flavor | Version | Tinstall | Tcheck | Ttotal | Status | Flags |
---|---|---|---|---|---|---|
r-devel-linux-x86_64-debian-clang | 1.0.2 | 140.81 | 103.23 | 244.04 | OK | |
r-devel-linux-x86_64-debian-gcc | 1.0.2 | 124.99 | 76.61 | 201.60 | OK | |
r-devel-linux-x86_64-fedora-clang | 1.0.2 | 368.45 | OK | |||
r-devel-linux-x86_64-fedora-gcc | 1.0.2 | 337.52 | OK | |||
r-devel-windows-x86_64 | 1.0.2 | 145.00 | 151.00 | 296.00 | OK | |
r-patched-linux-x86_64 | 1.0.2 | 128.02 | 100.61 | 228.63 | OK | |
r-release-linux-x86_64 | 1.0.2 | 122.83 | 101.28 | 224.11 | OK | |
r-release-macos-arm64 | 1.0.2 | 80.00 | NOTE | |||
r-release-macos-x86_64 | 1.0.2 | 128.00 | NOTE | |||
r-release-windows-x86_64 | 1.0.2 | 122.00 | 159.00 | 281.00 | OK | |
r-oldrel-macos-arm64 | 1.0.2 | 83.00 | NOTE | |||
r-oldrel-macos-x86_64 | 1.0.2 | 194.00 | NOTE | |||
r-oldrel-windows-ix86+x86_64 | 1.0.2 | 356.00 | 272.00 | 628.00 | OK |
Version: 1.0.2
Check: installed package size
Result: NOTE
installed size is 11.9Mb
sub-directories of 1Mb or more:
libs 11.4Mb
Flavors: r-release-macos-arm64, r-release-macos-x86_64, r-oldrel-macos-arm64, r-oldrel-macos-x86_64