Last updated on 2022-08-15 08:49:58 CEST.
Flavor | Version | Tinstall | Tcheck | Ttotal | Status | Flags |
---|---|---|---|---|---|---|
r-devel-linux-x86_64-debian-clang | 0.1.0 | 8.15 | 67.56 | 75.71 | NOTE | |
r-devel-linux-x86_64-debian-gcc | 0.1.0 | 6.03 | 48.96 | 54.99 | NOTE | |
r-devel-linux-x86_64-fedora-clang | 0.1.0 | 103.92 | NOTE | |||
r-devel-linux-x86_64-fedora-gcc | 0.1.0 | 97.67 | NOTE | |||
r-devel-windows-x86_64 | 0.1.0 | 20.00 | 92.00 | 112.00 | NOTE | |
r-patched-linux-x86_64 | 0.1.0 | 8.79 | 62.40 | 71.19 | NOTE | |
r-release-linux-x86_64 | 0.1.0 | 8.36 | 61.50 | 69.86 | NOTE | |
r-release-macos-arm64 | 0.1.0 | 27.00 | NOTE | |||
r-release-macos-x86_64 | 0.1.0 | 55.00 | NOTE | |||
r-release-windows-x86_64 | 0.1.0 | 22.00 | 98.00 | 120.00 | NOTE | |
r-oldrel-macos-arm64 | 0.1.0 | 30.00 | NOTE | |||
r-oldrel-macos-x86_64 | 0.1.0 | 44.00 | NOTE | |||
r-oldrel-windows-ix86+x86_64 | 0.1.0 | 18.00 | 88.00 | 106.00 | NOTE |
Version: 0.1.0
Check: LazyData
Result: NOTE
'LazyData' is specified without a 'data' directory
Flavors: r-devel-linux-x86_64-debian-clang, r-devel-linux-x86_64-debian-gcc, r-devel-linux-x86_64-fedora-clang, r-devel-linux-x86_64-fedora-gcc, r-devel-windows-x86_64, r-patched-linux-x86_64, r-release-linux-x86_64, r-release-macos-arm64, r-release-macos-x86_64, r-release-windows-x86_64, r-oldrel-macos-arm64, r-oldrel-macos-x86_64, r-oldrel-windows-ix86+x86_64