Last updated on 2022-08-15 08:49:58 CEST.
Flavor | Version | Tinstall | Tcheck | Ttotal | Status | Flags |
---|---|---|---|---|---|---|
r-devel-linux-x86_64-debian-clang | 0.2.2 | 20.92 | 240.82 | 261.74 | OK | |
r-devel-linux-x86_64-debian-gcc | 0.2.2 | 16.82 | 174.77 | 191.59 | OK | |
r-devel-linux-x86_64-fedora-clang | 0.2.2 | 318.37 | NOTE | |||
r-devel-linux-x86_64-fedora-gcc | 0.2.2 | 318.32 | OK | |||
r-devel-windows-x86_64 | 0.2.2 | 80.00 | 280.00 | 360.00 | NOTE | |
r-patched-linux-x86_64 | 0.2.2 | 22.18 | 216.59 | 238.77 | OK | |
r-release-linux-x86_64 | 0.2.2 | 20.76 | 221.78 | 242.54 | OK | |
r-release-macos-arm64 | 0.2.2 | 81.00 | NOTE | |||
r-release-macos-x86_64 | 0.2.2 | 113.00 | NOTE | |||
r-release-windows-x86_64 | 0.2.2 | 126.00 | 286.00 | 412.00 | NOTE | |
r-oldrel-macos-arm64 | 0.2.2 | 81.00 | NOTE | |||
r-oldrel-macos-x86_64 | 0.2.2 | 113.00 | NOTE | |||
r-oldrel-windows-ix86+x86_64 | 0.2.2 | 46.00 | 286.00 | 332.00 | NOTE |
Version: 0.2.2
Check: installed package size
Result: NOTE
installed size is 6.0Mb
sub-directories of 1Mb or more:
doc 5.1Mb
Flavors: r-devel-linux-x86_64-fedora-clang, r-devel-windows-x86_64, r-release-macos-arm64, r-release-macos-x86_64, r-release-windows-x86_64, r-oldrel-macos-arm64, r-oldrel-macos-x86_64, r-oldrel-windows-ix86+x86_64