Last updated on 2022-08-15 08:49:58 CEST.
Flavor | Version | Tinstall | Tcheck | Ttotal | Status | Flags |
---|---|---|---|---|---|---|
r-devel-linux-x86_64-debian-clang | 0.1.2 | 3.59 | 50.22 | 53.81 | OK | |
r-devel-linux-x86_64-debian-gcc | 0.1.2 | 4.47 | 38.41 | 42.88 | OK | |
r-devel-linux-x86_64-fedora-clang | 0.1.2 | 80.24 | OK | |||
r-devel-linux-x86_64-fedora-gcc | 0.1.2 | 80.97 | OK | |||
r-devel-windows-x86_64 | 0.1.2 | 25.00 | 74.00 | 99.00 | OK | |
r-patched-linux-x86_64 | 0.1.2 | 6.26 | 49.91 | 56.17 | OK | |
r-release-linux-x86_64 | 0.1.2 | 4.75 | 48.88 | 53.63 | OK | |
r-release-macos-arm64 | 0.1.2 | 23.00 | OK | |||
r-release-macos-x86_64 | 0.1.2 | 8.00 | ERROR | |||
r-release-windows-x86_64 | 0.1.2 | 38.00 | 83.00 | 121.00 | OK | |
r-oldrel-macos-arm64 | 0.1.2 | 9.00 | ERROR | |||
r-oldrel-macos-x86_64 | 0.1.2 | 11.00 | ERROR | |||
r-oldrel-windows-ix86+x86_64 | 0.1.2 | 12.00 | 71.00 | 83.00 | OK |
Version: 0.1.2
Check: package dependencies
Result: ERROR
Package required but not available: ‘Heatplus’
See section ‘The DESCRIPTION file’ in the ‘Writing R Extensions’
manual.
Flavors: r-release-macos-x86_64, r-oldrel-macos-arm64, r-oldrel-macos-x86_64