Last updated on 2022-08-15 08:49:58 CEST.
Flavor | Version | Tinstall | Tcheck | Ttotal | Status | Flags |
---|---|---|---|---|---|---|
r-devel-linux-x86_64-debian-clang | 1.1.5 | 7.45 | 89.67 | 97.12 | OK | |
r-devel-linux-x86_64-debian-gcc | 1.1.5 | 6.51 | 65.14 | 71.65 | OK | |
r-devel-linux-x86_64-fedora-clang | 1.1.5 | 130.33 | NOTE | |||
r-devel-linux-x86_64-fedora-gcc | 1.1.5 | 121.23 | NOTE | |||
r-devel-windows-x86_64 | 1.1.5 | 33.00 | 111.00 | 144.00 | OK | |
r-patched-linux-x86_64 | 1.1.5 | 8.44 | 81.30 | 89.74 | OK | |
r-release-linux-x86_64 | 1.1.5 | 7.61 | 84.65 | 92.26 | OK | |
r-release-macos-arm64 | 1.1.5 | 33.00 | NOTE | |||
r-release-macos-x86_64 | 1.1.5 | 68.00 | NOTE | |||
r-release-windows-x86_64 | 1.1.5 | 30.00 | 121.00 | 151.00 | OK | |
r-oldrel-macos-arm64 | 1.1.5 | 39.00 | NOTE | |||
r-oldrel-macos-x86_64 | 1.1.5 | 57.00 | NOTE | |||
r-oldrel-windows-ix86+x86_64 | 1.1.5 | 20.00 | 114.00 | 134.00 | OK |
Version: 1.1.5
Check: data for non-ASCII characters
Result: NOTE
Note: found 1 marked UTF-8 string
Flavors: r-devel-linux-x86_64-fedora-clang, r-devel-linux-x86_64-fedora-gcc, r-release-macos-arm64, r-release-macos-x86_64, r-oldrel-macos-arm64, r-oldrel-macos-x86_64