Last updated on 2022-08-15 08:49:58 CEST.
Flavor | Version | Tinstall | Tcheck | Ttotal | Status | Flags |
---|---|---|---|---|---|---|
r-devel-linux-x86_64-debian-clang | 1.3-9 | 7.32 | 125.13 | 132.45 | OK | |
r-devel-linux-x86_64-debian-gcc | 1.3-9 | 5.88 | 91.87 | 97.75 | OK | |
r-devel-linux-x86_64-fedora-clang | 1.3-9 | 171.23 | NOTE | |||
r-devel-linux-x86_64-fedora-gcc | 1.3-9 | 167.48 | OK | |||
r-devel-windows-x86_64 | 1.3-9 | 54.00 | 207.00 | 261.00 | OK | |
r-patched-linux-x86_64 | 1.3-9 | 7.60 | 119.05 | 126.65 | OK | |
r-release-linux-x86_64 | 1.3-9 | 5.47 | 118.67 | 124.14 | OK | |
r-release-macos-arm64 | 1.3-9 | 50.00 | OK | |||
r-release-macos-x86_64 | 1.3-9 | 79.00 | OK | |||
r-release-windows-x86_64 | 1.3-9 | 51.00 | 209.00 | 260.00 | OK | |
r-oldrel-macos-arm64 | 1.3-9 | 67.00 | OK | |||
r-oldrel-macos-x86_64 | 1.3-9 | 79.00 | OK | |||
r-oldrel-windows-ix86+x86_64 | 1.3-9 | 14.00 | 168.00 | 182.00 | OK |
Version: 1.3-9
Check: Rd cross-references
Result: NOTE
Undeclared packages ‘Sleuth2’, ‘rrcov’, ‘carData’, ‘qqtest’ in Rd xrefs
Flavor: r-devel-linux-x86_64-fedora-clang