Last updated on 2022-08-15 08:49:58 CEST.
Flavor | Version | Tinstall | Tcheck | Ttotal | Status | Flags |
---|---|---|---|---|---|---|
r-devel-linux-x86_64-debian-clang | 1.1.4 | 78.68 | 154.87 | 233.55 | OK | --no-vignettes |
r-devel-linux-x86_64-debian-gcc | 1.1.4 | 62.96 | 108.89 | 171.85 | OK | --no-vignettes |
r-devel-linux-x86_64-fedora-clang | 1.1.4 | 317.82 | OK | --no-vignettes | ||
r-devel-linux-x86_64-fedora-gcc | 1.1.4 | 287.32 | OK | --no-vignettes | ||
r-devel-windows-x86_64 | 1.1.4 | 87.00 | 188.00 | 275.00 | OK | --no-vignettes |
r-patched-linux-x86_64 | 1.1.4 | 73.01 | 144.13 | 217.14 | OK | --no-vignettes |
r-release-linux-x86_64 | 1.1.4 | 66.33 | 145.40 | 211.73 | OK | --no-vignettes |
r-release-macos-arm64 | 1.1.4 | 1803.00 | ERROR | |||
r-release-macos-x86_64 | 1.1.4 | 1079.00 | OK | |||
r-release-windows-x86_64 | 1.1.4 | 86.00 | 177.00 | 263.00 | OK | --no-vignettes |
r-oldrel-macos-arm64 | 1.1.4 | 1724.00 | OK | |||
r-oldrel-macos-x86_64 | 1.1.4 | 897.00 | OK | |||
r-oldrel-windows-ix86+x86_64 | 1.1.4 | 191.00 | 286.00 | 477.00 | OK | --no-vignettes |
Version: 1.1.4
Check: re-building of vignette outputs
Result: ERROR
Error(s) in re-building vignettes:
...
--- re-building ‘hetGP_vignette.Rnw’ using knitr
Execution halted
* checking PDF version of manual ...* using check arguments '--no-clean-on-error '
Flavor: r-release-macos-arm64