Last updated on 2022-08-15 08:49:58 CEST.
Flavor | Version | Tinstall | Tcheck | Ttotal | Status | Flags |
---|---|---|---|---|---|---|
r-devel-linux-x86_64-debian-clang | 0.2-3 | 47.94 | 51.00 | 98.94 | OK | |
r-devel-linux-x86_64-debian-gcc | 0.2-3 | 34.22 | 39.68 | 73.90 | OK | |
r-devel-linux-x86_64-fedora-clang | 0.2-3 | 135.49 | NOTE | |||
r-devel-linux-x86_64-fedora-gcc | 0.2-3 | 128.14 | OK | |||
r-devel-windows-x86_64 | 0.2-3 | 40.00 | 98.00 | 138.00 | OK | |
r-patched-linux-x86_64 | 0.2-3 | 37.89 | 48.60 | 86.49 | OK | |
r-release-linux-x86_64 | 0.2-3 | 39.20 | 49.03 | 88.23 | OK | |
r-release-macos-arm64 | 0.2-3 | 33.00 | NOTE | |||
r-release-macos-x86_64 | 0.2-3 | 49.00 | NOTE | |||
r-release-windows-x86_64 | 0.2-3 | 39.00 | 90.00 | 129.00 | OK | |
r-oldrel-macos-arm64 | 0.2-3 | 36.00 | NOTE | |||
r-oldrel-macos-x86_64 | 0.2-3 | 47.00 | NOTE | |||
r-oldrel-windows-ix86+x86_64 | 0.2-3 | 101.00 | 106.00 | 207.00 | OK |
Version: 0.2-3
Check: Rd cross-references
Result: NOTE
Undeclared package ‘lme4’ in Rd xrefs
Flavor: r-devel-linux-x86_64-fedora-clang
Version: 0.2-3
Check: installed package size
Result: NOTE
installed size is 5.4Mb
sub-directories of 1Mb or more:
libs 4.6Mb
Flavors: r-release-macos-arm64, r-release-macos-x86_64, r-oldrel-macos-arm64, r-oldrel-macos-x86_64