Last updated on 2022-08-15 08:49:58 CEST.
Flavor | Version | Tinstall | Tcheck | Ttotal | Status | Flags |
---|---|---|---|---|---|---|
r-devel-linux-x86_64-debian-clang | 0.5.0 | 63.26 | 30.05 | 93.31 | OK | |
r-devel-linux-x86_64-debian-gcc | 0.5.0 | 59.25 | 23.09 | 82.34 | OK | |
r-devel-linux-x86_64-fedora-clang | 0.5.0 | 170.75 | OK | |||
r-devel-linux-x86_64-fedora-gcc | 0.5.0 | 139.64 | OK | |||
r-devel-windows-x86_64 | 0.5.0 | 175.00 | 84.00 | 259.00 | OK | |
r-patched-linux-x86_64 | 0.5.0 | 63.30 | 28.54 | 91.84 | OK | |
r-release-linux-x86_64 | 0.5.0 | 62.59 | 28.77 | 91.36 | OK | |
r-release-macos-arm64 | 0.5.0 | 47.00 | NOTE | |||
r-release-macos-x86_64 | 0.5.0 | 58.00 | NOTE | |||
r-release-windows-x86_64 | 0.5.0 | 97.00 | 77.00 | 174.00 | OK | |
r-oldrel-macos-arm64 | 0.5.0 | 52.00 | NOTE | |||
r-oldrel-macos-x86_64 | 0.5.0 | 83.00 | NOTE | |||
r-oldrel-windows-ix86+x86_64 | 0.5.0 | 166.00 | 54.00 | 220.00 | OK |
Version: 0.5.0
Check: installed package size
Result: NOTE
installed size is 9.2Mb
sub-directories of 1Mb or more:
highlight 1.0Mb
libs 8.0Mb
Flavors: r-release-macos-arm64, r-release-macos-x86_64, r-oldrel-macos-arm64, r-oldrel-macos-x86_64