Last updated on 2022-08-15 08:49:58 CEST.
Flavor | Version | Tinstall | Tcheck | Ttotal | Status | Flags |
---|---|---|---|---|---|---|
r-devel-linux-x86_64-debian-clang | 1.4.7 | 20.03 | 172.50 | 192.53 | NOTE | |
r-devel-linux-x86_64-debian-gcc | 1.4.7 | 14.27 | 127.41 | 141.68 | NOTE | |
r-devel-linux-x86_64-fedora-clang | 1.4.7 | 244.86 | OK | |||
r-devel-linux-x86_64-fedora-gcc | 1.4.7 | 250.74 | OK | |||
r-devel-windows-x86_64 | 1.4.7 | 63.00 | 183.00 | 246.00 | NOTE | |
r-patched-linux-x86_64 | 1.4.7 | 18.05 | 160.41 | 178.46 | NOTE | |
r-release-linux-x86_64 | 1.4.7 | 11.64 | 163.44 | 175.08 | NOTE | |
r-release-macos-arm64 | 1.4.7 | 63.00 | NOTE | |||
r-release-macos-x86_64 | 1.4.7 | 105.00 | NOTE | |||
r-release-windows-x86_64 | 1.4.7 | 72.00 | 191.00 | 263.00 | NOTE | |
r-oldrel-macos-arm64 | 1.4.7 | 61.00 | NOTE | |||
r-oldrel-macos-x86_64 | 1.4.7 | 83.00 | NOTE | |||
r-oldrel-windows-ix86+x86_64 | 1.4.7 | 39.00 | 190.00 | 229.00 | OK |
Version: 1.4.7
Check: package dependencies
Result: NOTE
Package suggested but not available for checking: 'INLA'
Flavors: r-devel-linux-x86_64-debian-clang, r-devel-linux-x86_64-debian-gcc, r-devel-windows-x86_64, r-patched-linux-x86_64, r-release-linux-x86_64, r-release-macos-arm64, r-release-macos-x86_64, r-release-windows-x86_64, r-oldrel-macos-arm64, r-oldrel-macos-x86_64