Last updated on 2022-08-15 08:49:58 CEST.
Flavor | Version | Tinstall | Tcheck | Ttotal | Status | Flags |
---|---|---|---|---|---|---|
r-devel-linux-x86_64-debian-clang | 0.2-2 | 4.93 | 49.79 | 54.72 | NOTE | |
r-devel-linux-x86_64-debian-gcc | 0.2-2 | 4.17 | 37.34 | 41.51 | NOTE | |
r-devel-linux-x86_64-fedora-clang | 0.2-2 | 77.19 | NOTE | |||
r-devel-linux-x86_64-fedora-gcc | 0.2-2 | 74.04 | NOTE | |||
r-devel-windows-x86_64 | 0.2-2 | 17.00 | 76.00 | 93.00 | OK | |
r-patched-linux-x86_64 | 0.2-2 | 4.83 | 47.13 | 51.96 | NOTE | |
r-release-linux-x86_64 | 0.2-2 | 4.62 | 48.67 | 53.29 | NOTE | |
r-release-macos-arm64 | 0.2-2 | 21.00 | OK | |||
r-release-macos-x86_64 | 0.2-2 | 32.00 | OK | |||
r-release-windows-x86_64 | 0.2-2 | 13.00 | 71.00 | 84.00 | OK | |
r-oldrel-macos-arm64 | 0.2-2 | 35.00 | OK | |||
r-oldrel-macos-x86_64 | 0.2-2 | 55.00 | OK | |||
r-oldrel-windows-ix86+x86_64 | 0.2-2 | 13.00 | 68.00 | 81.00 | OK |
Version: 0.2-2
Check: package dependencies
Result: NOTE
Package which this enhances but not available for checking: 'HadoopStreaming'
Flavors: r-devel-linux-x86_64-debian-clang, r-devel-linux-x86_64-debian-gcc, r-devel-linux-x86_64-fedora-clang, r-devel-linux-x86_64-fedora-gcc, r-patched-linux-x86_64, r-release-linux-x86_64