Last updated on 2022-08-15 08:49:58 CEST.
Flavor | Version | Tinstall | Tcheck | Ttotal | Status | Flags |
---|---|---|---|---|---|---|
r-devel-linux-x86_64-debian-clang | 0.1.3 | 15.73 | 185.08 | 200.81 | OK | |
r-devel-linux-x86_64-debian-gcc | 0.1.3 | 13.59 | 137.66 | 151.25 | OK | |
r-devel-linux-x86_64-fedora-clang | 0.1.3 | 254.91 | NOTE | |||
r-devel-linux-x86_64-fedora-gcc | 0.1.3 | 255.27 | NOTE | |||
r-devel-windows-x86_64 | 0.1.3 | 23.00 | 221.00 | 244.00 | OK | |
r-patched-linux-x86_64 | 0.1.3 | 14.19 | 173.16 | 187.35 | OK | |
r-release-linux-x86_64 | 0.1.3 | 13.89 | 177.37 | 191.26 | OK | |
r-release-macos-arm64 | 0.1.3 | 86.00 | NOTE | |||
r-release-macos-x86_64 | 0.1.3 | 113.00 | NOTE | |||
r-release-windows-x86_64 | 0.1.3 | 28.00 | 227.00 | 255.00 | OK | |
r-oldrel-macos-arm64 | 0.1.3 | 89.00 | NOTE | |||
r-oldrel-macos-x86_64 | 0.1.3 | 115.00 | NOTE | |||
r-oldrel-windows-ix86+x86_64 | 0.1.3 | 38.00 | 290.00 | 328.00 | OK |
Version: 0.1.3
Check: dependencies in R code
Result: NOTE
Namespaces in Imports field not imported from:
‘here’ ‘readxlsb’ ‘usethis’
All declared Imports should be used.
Flavors: r-devel-linux-x86_64-fedora-clang, r-devel-linux-x86_64-fedora-gcc, r-release-macos-arm64, r-release-macos-x86_64, r-oldrel-macos-arm64, r-oldrel-macos-x86_64