Last updated on 2022-08-15 08:49:58 CEST.
Flavor | Version | Tinstall | Tcheck | Ttotal | Status | Flags |
---|---|---|---|---|---|---|
r-devel-linux-x86_64-debian-clang | 3.0-7 | 9.03 | 59.65 | 68.68 | OK | |
r-devel-linux-x86_64-debian-gcc | 3.0-7 | 7.91 | 45.26 | 53.17 | OK | |
r-devel-linux-x86_64-fedora-clang | 3.0-7 | 96.71 | NOTE | |||
r-devel-linux-x86_64-fedora-gcc | 3.0-7 | 88.95 | OK | |||
r-devel-windows-x86_64 | 3.0-7 | 61.00 | 87.00 | 148.00 | OK | |
r-patched-linux-x86_64 | 3.0-7 | 9.64 | 54.21 | 63.85 | OK | |
r-release-linux-x86_64 | 3.0-7 | 9.07 | 55.28 | 64.35 | OK | |
r-release-macos-arm64 | 3.0-7 | 27.00 | OK | |||
r-release-macos-x86_64 | 3.0-7 | 37.00 | OK | |||
r-release-windows-x86_64 | 3.0-7 | 50.00 | 84.00 | 134.00 | OK | |
r-oldrel-macos-arm64 | 3.0-7 | 27.00 | OK | |||
r-oldrel-macos-x86_64 | 3.0-7 | 35.00 | OK | |||
r-oldrel-windows-ix86+x86_64 | 3.0-7 | 22.00 | 86.00 | 108.00 | OK |
Version: 3.0-7
Check: Rd cross-references
Result: NOTE
Undeclared package ‘HMM’ in Rd xrefs
Flavor: r-devel-linux-x86_64-fedora-clang