Last updated on 2022-08-15 08:49:58 CEST.
Flavor | Version | Tinstall | Tcheck | Ttotal | Status | Flags |
---|---|---|---|---|---|---|
r-devel-linux-x86_64-debian-clang | 1.0-0 | 5.09 | 58.24 | 63.33 | NOTE | |
r-devel-linux-x86_64-debian-gcc | 1.0-0 | 3.04 | 44.52 | 47.56 | NOTE | |
r-devel-linux-x86_64-fedora-clang | 1.0-0 | 88.76 | NOTE | |||
r-devel-linux-x86_64-fedora-gcc | 1.0-0 | 83.89 | NOTE | |||
r-devel-windows-x86_64 | 1.0-0 | 22.00 | 97.00 | 119.00 | NOTE | |
r-patched-linux-x86_64 | 1.0-0 | 4.59 | 56.79 | 61.38 | OK | |
r-release-linux-x86_64 | 1.0-0 | 5.14 | 57.29 | 62.43 | OK | |
r-release-macos-arm64 | 1.0-0 | 26.00 | OK | |||
r-release-macos-x86_64 | 1.0-0 | 38.00 | OK | |||
r-release-windows-x86_64 | 1.0-0 | 13.00 | 88.00 | 101.00 | OK | |
r-oldrel-macos-arm64 | 1.0-0 | 32.00 | OK | |||
r-oldrel-macos-x86_64 | 1.0-0 | 44.00 | OK | |||
r-oldrel-windows-ix86+x86_64 | 1.0-0 | 12.00 | 90.00 | 102.00 | OK |
Version: 1.0-0
Check: Rd files
Result: NOTE
checkRd: (-1) disc42.Rd:28: Escaped LaTeX specials: \&
checkRd: (-1) discrimination.Rd:31: Escaped LaTeX specials: \&
Flavors: r-devel-linux-x86_64-debian-clang, r-devel-linux-x86_64-debian-gcc, r-devel-linux-x86_64-fedora-clang, r-devel-linux-x86_64-fedora-gcc, r-devel-windows-x86_64