Last updated on 2022-08-15 08:49:58 CEST.
Flavor | Version | Tinstall | Tcheck | Ttotal | Status | Flags |
---|---|---|---|---|---|---|
r-devel-linux-x86_64-debian-clang | 0.9.4-2 | 34.56 | 279.39 | 313.95 | OK | |
r-devel-linux-x86_64-debian-gcc | 0.9.4-2 | 26.95 | 207.67 | 234.62 | OK | |
r-devel-linux-x86_64-fedora-clang | 0.9.4-2 | 383.12 | NOTE | |||
r-devel-linux-x86_64-fedora-gcc | 0.9.4-2 | 373.62 | NOTE | |||
r-devel-windows-x86_64 | 0.9.4-2 | 43.00 | 270.00 | 313.00 | OK | |
r-patched-linux-x86_64 | 0.9.4-2 | 33.72 | 268.48 | 302.20 | OK | |
r-release-linux-x86_64 | 0.9.4-2 | 30.55 | 266.45 | 297.00 | OK | |
r-release-macos-arm64 | 0.9.4-2 | 93.00 | NOTE | |||
r-release-macos-x86_64 | 0.9.4-2 | 7.00 | ERROR | |||
r-release-windows-x86_64 | 0.9.4-2 | 50.00 | 280.00 | 330.00 | OK | |
r-oldrel-macos-arm64 | 0.9.4-2 | 119.00 | NOTE | |||
r-oldrel-macos-x86_64 | 0.9.4-2 | 11.00 | ERROR | |||
r-oldrel-windows-ix86+x86_64 | 0.9.4-2 | 66.00 | 280.00 | 346.00 | OK |
Version: 0.9.4-2
Check: dependencies in R code
Result: NOTE
Namespaces in Imports field not imported from:
‘knitr’ ‘rmarkdown’
All declared Imports should be used.
Flavors: r-devel-linux-x86_64-fedora-clang, r-devel-linux-x86_64-fedora-gcc, r-release-macos-arm64, r-oldrel-macos-arm64
Version: 0.9.4-2
Check: package dependencies
Result: ERROR
Package required but not available: ‘bamsignals’
See section ‘The DESCRIPTION file’ in the ‘Writing R Extensions’
manual.
Flavors: r-release-macos-x86_64, r-oldrel-macos-x86_64