Last updated on 2022-08-15 08:49:58 CEST.
Flavor | Version | Tinstall | Tcheck | Ttotal | Status | Flags |
---|---|---|---|---|---|---|
r-devel-linux-x86_64-debian-clang | 0.2.1 | 35.63 | 320.09 | 355.72 | NOTE | |
r-devel-linux-x86_64-debian-gcc | 0.2.1 | 23.77 | 216.21 | 239.98 | NOTE | |
r-devel-linux-x86_64-fedora-clang | 0.2.1 | 416.74 | NOTE | |||
r-devel-linux-x86_64-fedora-gcc | 0.2.1 | 418.07 | NOTE | |||
r-devel-windows-x86_64 | 0.2.1 | 43.00 | 267.00 | 310.00 | NOTE | |
r-patched-linux-x86_64 | 0.2.1 | 26.73 | 298.19 | 324.92 | NOTE | |
r-release-linux-x86_64 | 0.2.1 | 34.46 | 291.08 | 325.54 | NOTE | |
r-release-macos-arm64 | 0.2.1 | 82.00 | NOTE | |||
r-release-macos-x86_64 | 0.2.1 | 112.00 | NOTE | |||
r-release-windows-x86_64 | 0.2.1 | 47.00 | 275.00 | 322.00 | NOTE | |
r-oldrel-macos-arm64 | 0.2.1 | 74.00 | NOTE | |||
r-oldrel-macos-x86_64 | 0.2.1 | 110.00 | NOTE | |||
r-oldrel-windows-ix86+x86_64 | 0.2.1 | 73.00 | 341.00 | 414.00 | NOTE |
Version: 0.2.1
Check: package dependencies
Result: NOTE
Package suggested but not available for checking: 'ROI.plugin.mosek'
Flavors: r-devel-linux-x86_64-debian-clang, r-devel-linux-x86_64-debian-gcc, r-devel-linux-x86_64-fedora-clang, r-devel-linux-x86_64-fedora-gcc, r-devel-windows-x86_64, r-patched-linux-x86_64, r-release-linux-x86_64, r-release-macos-arm64, r-release-macos-x86_64, r-release-windows-x86_64, r-oldrel-macos-arm64, r-oldrel-macos-x86_64, r-oldrel-windows-ix86+x86_64